000
CDUS42 KILM 220859
CLIFLO


CLIMATE REPORT
NATIONAL WEATHER SERVICE WILMINGTON NC
458 AM EDT SUN APR 22 2018


...................................

...THE FLORENCE SOUTH  CAROLINA CLIMATE SUMMARY FOR APRIL 21 2018...

CLIMATE NORMAL PERIOD 1981 TO 2010
CLIMATE RECORD PERIOD 1948 TO 2018


WEATHER ITEM   OBSERVED TIME   RECORD YEAR NORMAL DEPARTURE LAST
                VALUE   (LST)  VALUE       VALUE  FROM      YEAR
                                                  NORMAL
..................................................................
TEMPERATURE (F)
 YESTERDAY
  MAXIMUM         73    438 PM  93    2002  77     -4       89
  MINIMUM         41    530 AM  33    1983  52    -11       64
  AVERAGE         57                        65     -8       77

PRECIPITATION (IN)
  YESTERDAY        0.00          2.23 1959   0.10  -0.10     0.00
  MONTH TO DATE    3.48                      1.82   1.66     2.81
  SINCE MAR 1      6.38                      5.15   1.23     4.41
  SINCE JAN 1      9.42                     11.30  -1.88     9.28

SNOWFALL (IN)
  YESTERDAY       MM            MM      MM   0.0
  MONTH TO DATE   MM                         0.0
  SINCE MAR 1     MM                         0.1
  SINCE JUL 1     MM                         1.5
  SNOW DEPTH      MM

DEGREE DAYS
 HEATING
  YESTERDAY        8                         3      5        0
  MONTH TO DATE  129                       101     28       40
  SINCE MAR 1    512                       411    101      371
  SINCE JUL 1   2406                      2477    -71     1816

 COOLING
  YESTERDAY        0                         3     -3       12
  MONTH TO DATE   35                        41     -6       71
  SINCE MAR 1     42                        59    -17      111
  SINCE JAN 1     94                        65     29      124
..................................................................


WIND (MPH)
  RESULTANT WIND SPEED   4   RESULTANT WIND DIRECTION  SE (120)
  HIGHEST WIND SPEED    17   HIGHEST WIND DIRECTION     E (100)
  HIGHEST GUST SPEED    22   HIGHEST GUST DIRECTION     E (100)
  AVERAGE WIND SPEED     6.1


SKY COVER
  POSSIBLE SUNSHINE  MM
  AVERAGE SKY COVER 0.0


WEATHER CONDITIONS
 THE FOLLOWING WEATHER WAS RECORDED YESTERDAY.
  NO SIGNIFICANT WEATHER WAS OBSERVED.


RELATIVE HUMIDITY (PERCENT)
 HIGHEST    93           500 AM
 LOWEST     22           100 PM
 AVERAGE    58

..........................................................


THE FLORENCE SOUTH  CAROLINA CLIMATE NORMALS FOR TODAY
                         NORMAL    RECORD    YEAR
 MAXIMUM TEMPERATURE (F)   77        93      1963
 MINIMUM TEMPERATURE (F)   52        37      1983


SUNRISE AND SUNSET
APRIL 22 2018.........SUNRISE   639 AM EDT   SUNSET   756 PM EDT
APRIL 23 2018.........SUNRISE   638 AM EDT   SUNSET   757 PM EDT


-  INDICATES NEGATIVE NUMBERS.
R  INDICATES RECORD WAS SET OR TIED.
MM INDICATES DATA IS MISSING.
T  INDICATES TRACE AMOUNT.




$$
