000
CDUS42 KTBW 260827
CLIFMY


CLIMATE REPORT
NATIONAL WEATHER SERVICE TAMPA BAY FL
426 AM EDT THU APR 26 2018


...................................

...THE FORT MYERS CLIMATE SUMMARY FOR APRIL 25 2018...

CLIMATE NORMAL PERIOD 1981 TO 2010
CLIMATE RECORD PERIOD 1902 TO 2018


WEATHER ITEM   OBSERVED TIME   RECORD YEAR NORMAL DEPARTURE LAST
                VALUE   (LST)  VALUE       VALUE  FROM      YEAR
                                                  NORMAL
..................................................................
TEMPERATURE (F)
 YESTERDAY
  MAXIMUM         85    201 PM  93    2011  86     -1       MM
                                      1989
                                      1958
  MINIMUM         65    513 AM  51    2005  64      1       MM
  AVERAGE         75                        75      0       MM

PRECIPITATION (IN)
  YESTERDAY        0.00          0.76 2016   0.08  -0.08     0.00
  MONTH TO DATE    0.98                      1.84  -0.86     2.62
  SINCE MAR 1      1.49                      4.72  -3.23     2.78
  SINCE JAN 1      3.53                      8.81  -5.28     5.03

DEGREE DAYS
 HEATING
  YESTERDAY        0                         0      0       MM
  MONTH TO DATE    0                         0      0        0
  SINCE MAR 1     22                        24     -2       11
  SINCE JUL 1    208                       284    -76       76

 COOLING
  YESTERDAY       10                        10      0       MM
  MONTH TO DATE  302                       214     88      133
  SINCE MAR 1    448                       390     58      376
  SINCE JAN 1    812                       575    237      718
..................................................................


WIND (MPH)
  RESULTANT WIND SPEED   7   RESULTANT WIND DIRECTION  NW (300)
  HIGHEST WIND SPEED    21   HIGHEST WIND DIRECTION     W (270)
  HIGHEST GUST SPEED    28   HIGHEST GUST DIRECTION     W (290)
  AVERAGE WIND SPEED     8.3


SKY COVER
  POSSIBLE SUNSHINE  MM
  AVERAGE SKY COVER 0.2


WEATHER CONDITIONS
 THE FOLLOWING WEATHER WAS RECORDED YESTERDAY.
  NO SIGNIFICANT WEATHER WAS OBSERVED.


RELATIVE HUMIDITY (PERCENT)
 HIGHEST    87           500 AM
 LOWEST     40           200 PM

..........................................................


THE FORT MYERS CLIMATE NORMALS FOR TODAY
                         NORMAL    RECORD    YEAR
 MAXIMUM TEMPERATURE (F)   86        95      1991
 MINIMUM TEMPERATURE (F)   65        49      1983


SUNRISE AND SUNSET
APRIL 26 2018.........SUNRISE   654 AM EDT   SUNSET   757 PM EDT
APRIL 27 2018.........SUNRISE   653 AM EDT   SUNSET   758 PM EDT


-  INDICATES NEGATIVE NUMBERS.
R  INDICATES RECORD WAS SET OR TIED.
MM INDICATES DATA IS MISSING.
T  INDICATES TRACE AMOUNT.




$$


&&
------------------------------------------------------------------
******************** SUPPLEMENTAL DATA ***************************

...GULF WATER TEMPERATURE AT FORT MYERS BEACH 80 DEGREES
