000
CDUS44 KTSA 190845
CLIFSM

CLIMATE REPORT
NATIONAL WEATHER SERVICE TULSA OK
344 AM CDT THU APR 19 2018


...................................

...THE FORT SMITH ARKANSAS CLIMATE SUMMARY FOR APRIL 18 2018...

CLIMATE NORMAL PERIOD 1981 TO 2010
CLIMATE RECORD PERIOD 1882 TO 2018


WEATHER ITEM   OBSERVED TIME   RECORD YEAR NORMAL DEPARTURE LAST
                VALUE   (LST)  VALUE       VALUE  FROM      YEAR
                                                  NORMAL
..................................................................
TEMPERATURE (F)
 YESTERDAY
  MAXIMUM         75    136 PM  96    2006  75      0       84
  MINIMUM         52   1159 PM  33    1999  50      2       60
  AVERAGE         64                        62      2       72

PRECIPITATION (IN)
  YESTERDAY        0.00          1.47 1959   0.15  -0.15     0.00
  MONTH TO DATE    2.42                      2.43  -0.01     2.03
  SINCE MAR 1      5.49                      6.28  -0.79     5.78
  SINCE JAN 1     14.75                     11.85   2.90    10.60

SNOWFALL (IN)
  YESTERDAY        0.0                                       0.0
  MONTH TO DATE    0.0                                       0.0
  SINCE MAR 1      0.0                                       0.0
  SINCE JUL 1      T                                         2.0

DEGREE DAYS
 HEATING
  YESTERDAY        1                         5     -4        0
  MONTH TO DATE  200                       116     84       32
  SINCE MAR 1    512                       502     10      293
  SINCE JUL 1   2987                      3175   -188     2202

 COOLING
  YESTERDAY        0                         2     -2        7
  MONTH TO DATE    7                        26    -19       55
  SINCE MAR 1     13                        37    -24       89
  SINCE JAN 1     15                        38    -23      105
..................................................................


WIND (MPH)
  HIGHEST WIND SPEED    26   HIGHEST WIND DIRECTION     W (280)
  HIGHEST GUST SPEED    35   HIGHEST GUST DIRECTION     W (270)
  AVERAGE WIND SPEED    16.9


SKY COVER
  POSSIBLE SUNSHINE  MM
  AVERAGE SKY COVER 0.1


WEATHER CONDITIONS
 THE FOLLOWING WEATHER WAS RECORDED YESTERDAY.
  NO SIGNIFICANT WEATHER WAS OBSERVED.


RELATIVE HUMIDITY (PERCENT)
 HIGHEST    73           600 AM
 LOWEST     25           600 PM
 AVERAGE    49

..........................................................


THE FORT SMITH ARKANSAS CLIMATE NORMALS FOR TODAY
                         NORMAL    RECORD    YEAR
 MAXIMUM TEMPERATURE (F)   75        95      1987
 MINIMUM TEMPERATURE (F)   51        33      1953


SUNRISE AND SUNSET
APRIL 19 2018.........SUNRISE   640 AM CDT   SUNSET   754 PM CDT
APRIL 20 2018.........SUNRISE   639 AM CDT   SUNSET   754 PM CDT


-  INDICATES NEGATIVE NUMBERS.
R  INDICATES RECORD WAS SET OR TIED.
MM INDICATES DATA IS MISSING.
T  INDICATES TRACE AMOUNT.




$$

&&
...........................................................

THE ARKANSAS RIVER AT VAN BUREN

                   OBSERVED      24 HOUR     24 HOUR
                    VALUE        CHANGE      FORECAST

 STAGE (FEET)
  THIS MORNING       19.8         -0.1

 MEAN FLOW (CFS)
  TODAY                                        2176
...........................................................
ALL DATA MEASURED AT THE FORT SMITH REGIONAL AIRPORT
