000
CDUS41 KCAR 262046
CLIFVE


CLIMATE REPORT
NATIONAL WEATHER SERVICE CARIBOU, ME
445 PM EDT THU APR 26 2018


...................................

...THE FRENCHVILLE ME CLIMATE SUMMARY FOR APRIL 26 2018...
VALID TODAY AS OF 0400 PM LOCAL TIME.

CLIMATE NORMAL PERIOD 1981 TO 2010
CLIMATE RECORD PERIOD 9999 TO 9999


WEATHER ITEM   OBSERVED TIME   RECORD YEAR NORMAL DEPARTURE LAST
                VALUE   (LST)  VALUE       VALUE  FROM      YEAR
                                                  NORMAL
..................................................................
TEMPERATURE (F)
 TODAY
  MAXIMUM         53    212 PM              51      2
  MINIMUM         46    331 AM              34     12
  AVERAGE         50                        42      8

PRECIPITATION (IN)
  TODAY            0.65         MM      MM   0.09   0.56     0.77
  MONTH TO DATE    2.55                      2.44   0.11     2.68
  SINCE MAR 1      3.50                      3.92  -0.42     4.25
  SINCE JAN 1      5.88                      6.49  -0.61     6.87

SNOWFALL (IN)
  TODAY           MM            MM      MM  MM     MM       MM
  MONTH TO DATE   MM                        MM     MM       MM
  SINCE MAR 1     MM                        MM     MM       MM
  SINCE JUL 1     MM                        MM     MM       MM
  SNOW DEPTH      MM

DEGREE DAYS
 HEATING
  TODAY           15                               -8
  MONTH TO DATE  818                               63
  SINCE JUL 1   8782                             -264

 COOLING
  TODAY            0                                0
  MONTH TO DATE    0                                0
  SINCE JAN 1      0                                0
..................................................................


WIND (MPH)
  HIGHEST WIND SPEED    20   HIGHEST WIND DIRECTION    SE (120)
  HIGHEST GUST SPEED    30   HIGHEST GUST DIRECTION     E (110)
  AVERAGE WIND SPEED    11.6




..........................................................


THE FRENCHVILLE ME CLIMATE NORMALS FOR TOMORROW
                         NORMAL
 MAXIMUM TEMPERATURE (F)   52
 MINIMUM TEMPERATURE (F)   34


SUNRISE AND SUNSET
APRIL 26 2018.........SUNRISE   525 AM EDT   SUNSET   738 PM EDT
APRIL 27 2018.........SUNRISE   524 AM EDT   SUNSET   739 PM EDT


-  INDICATES NEGATIVE NUMBERS.
R  INDICATES RECORD WAS SET OR TIED.
MM INDICATES DATA IS MISSING.
T  INDICATES TRACE AMOUNT.




$$
