000
CDUS44 KTSA 232139 RRB
CLIFYV

CLIMATE REPORT
NATIONAL WEATHER SERVICE TULSA OK
417 PM CDT MON APR 23 2018


...................................

...THE FAYETTEVILLE ARKANSAS CLIMATE SUMMARY FOR APRIL 23 2018...
VALID TODAY AS OF 0400 PM LOCAL TIME.

CLIMATE NORMAL PERIOD 1981 TO 2010
CLIMATE RECORD PERIOD 1905 TO 2018


WEATHER ITEM   OBSERVED TIME   RECORD YEAR NORMAL DEPARTURE LAST
                VALUE   (LST)  VALUE       VALUE  FROM      YEAR
                                                  NORMAL
..................................................................
TEMPERATURE (F)
 TODAY
  MAXIMUM         71    259 PM  88    1989  71      0       68
  MINIMUM         50    617 AM  30    1951  47      3       40
  AVERAGE         61                        59      2       54

PRECIPITATION (IN)
  TODAY            0.00                      0.17  -0.17     0.00
  MONTH TO DATE    1.10                      3.38  -2.28     4.66
  SINCE MAR 1      6.50                      7.33  -0.83    10.61
  SINCE JAN 1     16.12                     12.98   3.14    14.11

SNOWFALL (IN)
  TODAY            0.0                                       0.0
  MONTH TO DATE    T                                         0.0
  SINCE MAR 1      T                                         0.2
  SINCE JUL 1      0.4                                       1.0

DEGREE DAYS
 HEATING
  TODAY            4                         7     -3       11
  MONTH TO DATE  348                       227    121      118
  SINCE MAR 1    816                       753     63      505
  SINCE JUL 1   3945                      4056   -111     3076

 COOLING
  TODAY            0                         1     -1        0
  MONTH TO DATE    8                        20    -12       15
  SINCE MAR 1      8                        24    -16       28
  SINCE JAN 1     11                        24    -13       33
..................................................................


WIND (MPH)
  HIGHEST WIND SPEED    18   HIGHEST WIND DIRECTION    NW (330)
  HIGHEST GUST SPEED    24   HIGHEST GUST DIRECTION    NW (320)
  AVERAGE WIND SPEED     9.5


SKY COVER
  POSSIBLE SUNSHINE  MM
  AVERAGE SKY COVER 0.9


WEATHER CONDITIONS
 THE FOLLOWING WEATHER WAS RECORDED TODAY.
  FOG


RELATIVE HUMIDITY (PERCENT)
 HIGHEST   100           800 AM
 LOWEST     40           300 PM
 AVERAGE    70

..........................................................


THE FAYETTEVILLE ARKANSAS CLIMATE NORMALS FOR TOMORROW
                         NORMAL    RECORD    YEAR
 MAXIMUM TEMPERATURE (F)   71        86      1989
 MINIMUM TEMPERATURE (F)   47        30      2005


SUNRISE AND SUNSET
APRIL 23 2018.........SUNRISE   633 AM CDT   SUNSET   757 PM CDT
APRIL 24 2018.........SUNRISE   632 AM CDT   SUNSET   758 PM CDT


-  INDICATES NEGATIVE NUMBERS.
R  INDICATES RECORD WAS SET OR TIED.
MM INDICATES DATA IS MISSING.
T  INDICATES TRACE AMOUNT.




$$
