000
CDUS43 KDDC 260708
CLIGCK


CLIMATE REPORT
NATIONAL WEATHER SERVICE DODGE CITY KS
207 AM CDT SAT MAY 26 2018


...................................

...THE GARDEN CITY REGIONAL ARPT KS CLIMATE SUMMARY FOR MAY 25 2018...

CLIMATE NORMAL PERIOD 1981 TO 2010
CLIMATE RECORD PERIOD 1948 TO 2018


WEATHER ITEM   OBSERVED TIME   RECORD YEAR NORMAL DEPARTURE LAST
                VALUE   (LST)  VALUE       VALUE  FROM      YEAR
                                                  NORMAL
..................................................................
TEMPERATURE (F)
 YESTERDAY
  MAXIMUM         93    451 PM 103    1953  79     14       91
  MINIMUM         58    540 AM  36    2002  53      5       49
  AVERAGE         76                        66     10       70

PRECIPITATION (IN)
  YESTERDAY        0.00          1.71 1996   0.10  -0.10     0.01
  MONTH TO DATE    1.30                      2.22  -0.92     0.96
  SINCE MAR 1      2.08                      5.40  -3.32     6.90
  SINCE JAN 1      2.08                      6.28  -4.20     8.19

DEGREE DAYS
 HEATING
  YESTERDAY        0                         2     -2
  MONTH TO DATE   23                       118    -95
  SINCE MAR 1   1105                      1156    -51
  SINCE JUL 1   4989                      5180   -191

 COOLING
  YESTERDAY       11                         4      7
  MONTH TO DATE  116                        51     65
  SINCE MAR 1    128                        63     65
  SINCE JAN 1    128                        63     65
..................................................................


WIND (MPH)
  HIGHEST WIND SPEED    17   HIGHEST WIND DIRECTION    SE (130)
  HIGHEST GUST SPEED    25   HIGHEST GUST DIRECTION    SE (140)
  AVERAGE WIND SPEED     8.6



WEATHER CONDITIONS
 THE FOLLOWING WEATHER WAS RECORDED YESTERDAY.
  NO SIGNIFICANT WEATHER WAS OBSERVED.


RELATIVE HUMIDITY (PERCENT)
 HIGHEST    87           400 AM
 LOWEST     24           400 PM
 AVERAGE    56

..........................................................


THE GARDEN CITY REGIONAL ARPT KS CLIMATE NORMALS FOR TODAY
                         NORMAL    RECORD    YEAR
 MAXIMUM TEMPERATURE (F)   79       106      1953
 MINIMUM TEMPERATURE (F)   54        33      1992


SUNRISE AND SUNSET
MAY 26 2018...........SUNRISE   625 AM CDT   SUNSET   855 PM CDT
MAY 27 2018...........SUNRISE   624 AM CDT   SUNSET   856 PM CDT


-  INDICATES NEGATIVE NUMBERS.
R  INDICATES RECORD WAS SET OR TIED.
MM INDICATES DATA IS MISSING.
T  INDICATES TRACE AMOUNT.




$$
