000
CDUS46 KOTX 210833
CLIGEG


CLIMATE REPORT
NATIONAL WEATHER SERVICE SPOKANE, WA
131 AM PDT SAT APR 21 2018


...................................

...THE SPOKANE WA AIRPORT CLIMATE SUMMARY FOR APRIL 20 2018...

CLIMATE NORMAL PERIOD 1981 TO 2010
CLIMATE RECORD PERIOD 1881 TO 2018


WEATHER ITEM   OBSERVED TIME   RECORD YEAR NORMAL DEPARTURE LAST
                VALUE   (LST)  VALUE       VALUE  FROM      YEAR
                                                  NORMAL
..................................................................
TEMPERATURE (F)
 YESTERDAY
  MAXIMUM         61    444 PM  85    2016  58      3       56
  MINIMUM         38    518 AM  21    1927  37      1       43
  AVERAGE         50                        48      2       50

PRECIPITATION (IN)
  YESTERDAY        T             0.45 1997   0.04  -0.04     0.02
  MONTH TO DATE    1.96                      0.89   1.07     1.41
  SINCE OCT 1     14.57                     11.40   3.17    21.05
  SINCE JAN 1      7.41                      5.62   1.79    11.76

SNOWFALL (IN)
  YESTERDAY        0.0           1.3  2008   0.0    0.0      0.0
  MONTH TO DATE    T                         0.9   -0.9      0.5
  SINCE MAR 1      4.9                       4.4    0.5      5.9
  SINCE JUL 1     49.3                      44.7    4.6     61.5
  SNOW DEPTH       0

DEGREE DAYS
 HEATING
  YESTERDAY       15                        17     -2       15
  MONTH TO DATE  424                       381     43      389
  SINCE MAR 1   1207                      1148     59     1130
  SINCE JUL 1   5854                      5977   -123     6123

 COOLING
  YESTERDAY        0                         0      0        0
  MONTH TO DATE    0                         0      0        0
  SINCE MAR 1      0                         0      0        0
  SINCE JAN 1      0                         0      0        0
..................................................................


WIND (MPH)
  HIGHEST WIND SPEED    17   HIGHEST WIND DIRECTION    SW (230)
  HIGHEST GUST SPEED    21   HIGHEST GUST DIRECTION    SW (230)
  AVERAGE WIND SPEED     9.7


SKY COVER
  POSSIBLE SUNSHINE  MM
  AVERAGE SKY COVER 0.5


WEATHER CONDITIONS
 THE FOLLOWING WEATHER WAS RECORDED YESTERDAY.
  LIGHT RAIN


RELATIVE HUMIDITY (PERCENT)
 HIGHEST    76           300 AM
 LOWEST     31           600 PM
 AVERAGE    54

..........................................................


THE SPOKANE WA AIRPORT CLIMATE NORMALS FOR TODAY
                         NORMAL    RECORD    YEAR
 MAXIMUM TEMPERATURE (F)   59        87      1906
 MINIMUM TEMPERATURE (F)   37        21      1968


SUNRISE AND SUNSET
APRIL 21 2018.........SUNRISE   550 AM PDT   SUNSET   748 PM PDT
APRIL 22 2018.........SUNRISE   548 AM PDT   SUNSET   750 PM PDT


-  INDICATES NEGATIVE NUMBERS.
R  INDICATES RECORD WAS SET OR TIED.
MM INDICATES DATA IS MISSING.
T  INDICATES TRACE AMOUNT.




$$
