617
CDUS43 KIND 220536
CLIGEZ


CLIMATE REPORT
NATIONAL WEATHER SERVICE INDIANAPOLIS IN
136 AM EDT SUN APR 22 2018


...................................

...THE SHELBYVILLE IN CLIMATE SUMMARY FOR APRIL 21 2018...

CLIMATE NORMAL PERIOD 1981 TO 2010
CLIMATE RECORD PERIOD 9999 TO 9999


WEATHER ITEM   OBSERVED TIME   NORMAL DEPARTURE LAST
                VALUE   (LST)  VALUE  FROM      YEAR
                                      NORMAL
......................................................
TEMPERATURE (F)
 YESTERDAY
  MAXIMUM         63    246 PM  65     -2       61
  MINIMUM         38    200 AM  44     -6       47
  AVERAGE         51            55     -4       54

PRECIPITATION (IN)
  YESTERDAY        0.00          0.15  -0.15     0.04
  MONTH TO DATE    3.87          2.75   1.12     1.28
  SINCE MAR 1      7.60          6.18   1.42     4.96
  SINCE JAN 1     15.78         10.93   4.85    10.40

DEGREE DAYS
 HEATING
  YESTERDAY       14            11      3       11
  MONTH TO DATE  409           294    115      145
  SINCE MAR 1   1194          1014    180      769
  SINCE JUL 1   5102          5177    -75     3952

 COOLING
  YESTERDAY        0             0      0        0
  MONTH TO DATE    8             0      8       40
  SINCE MAR 1      8             1      7       44
  SINCE JAN 1     13             1     12       44
......................................................


WIND (MPH)
  HIGHEST WIND SPEED    16   HIGHEST WIND DIRECTION    SE (120)
  HIGHEST GUST SPEED    19   HIGHEST GUST DIRECTION    SE (120)
  AVERAGE WIND SPEED     9.3


SKY COVER
  AVERAGE SKY COVER 0.0


WEATHER CONDITIONS
 THE FOLLOWING WEATHER WAS RECORDED YESTERDAY.
  NO SIGNIFICANT WEATHER WAS OBSERVED.


RELATIVE HUMIDITY (PERCENT)
 HIGHEST    60          1200 AM
 LOWEST     20           200 PM
 AVERAGE    40

..........................................................


THE SHELBYVILLE IN CLIMATE NORMALS FOR TODAY
                         NORMAL
 MAXIMUM TEMPERATURE (F)   66
 MINIMUM TEMPERATURE (F)   44


SUNRISE AND SUNSET
APRIL 22 2018.........SUNRISE   656 AM EDT   SUNSET   828 PM EDT
APRIL 23 2018.........SUNRISE   654 AM EDT   SUNSET   829 PM EDT


-  INDICATES NEGATIVE NUMBERS.
R  INDICATES RECORD WAS SET OR TIED.
MM INDICATES DATA IS MISSING.
T  INDICATES TRACE AMOUNT.




$$
