000
CDUS44 KJAN 220702
CLIGLH


CLIMATE REPORT
NATIONAL WEATHER SERVICE JACKSON MS
200 AM CDT SUN APR 22 2018


...................................

...THE GREENVILLE CLIMATE SUMMARY FOR APRIL 21 2018...

CLIMATE NORMAL PERIOD 1981 TO 2010
CLIMATE RECORD PERIOD 1903 TO 2018


WEATHER ITEM   OBSERVED TIME   RECORD YEAR NORMAL DEPARTURE LAST
                VALUE   (LST)  VALUE       VALUE  FROM      YEAR
                                                  NORMAL
..................................................................
TEMPERATURE (F)
 YESTERDAY
  MAXIMUM         77    221 PM  95    1987  76      1       84
  MINIMUM         47    206 AM  34    1953  54     -7       69
  AVERAGE         62                        65     -3       77

PRECIPITATION (IN)
  YESTERDAY        T             2.13 1995   0.15  -0.15     0.00
  MONTH TO DATE    3.71                      3.52   0.19     2.11
  SINCE MAR 1      9.73                      8.07   1.66     3.97
  SINCE JAN 1     22.72                     18.06   4.66    12.00

SNOWFALL (IN)
  YESTERDAY        0.0

DEGREE DAYS
 HEATING
  YESTERDAY        3                         2      1        0
  MONTH TO DATE  177                       101     76       26
  SINCE MAR 1    445                       437      8      263
  SINCE JUL 1   2658                      2746    -88     1796

 COOLING
  YESTERDAY        0                         2     -2       12
  MONTH TO DATE   12                        33    -21       90
  SINCE MAR 1     33                        50    -17      135
  SINCE JAN 1     55                        55      0      164
..................................................................


WIND (MPH)
  HIGHEST WIND SPEED    23   HIGHEST WIND DIRECTION    SE (140)
  HIGHEST GUST SPEED    28   HIGHEST GUST DIRECTION     S (170)
  AVERAGE WIND SPEED    10.4


SKY COVER
  POSSIBLE SUNSHINE  MM
  AVERAGE SKY COVER 0.1


WEATHER CONDITIONS
 THE FOLLOWING WEATHER WAS RECORDED YESTERDAY.
  LIGHT RAIN


RELATIVE HUMIDITY (PERCENT)
 HIGHEST    71           200 AM
 LOWEST     38           100 PM
 AVERAGE    55

..........................................................


THE GREENVILLE CLIMATE NORMALS FOR TODAY
                         NORMAL    RECORD    YEAR
 MAXIMUM TEMPERATURE (F)   76        90      1925
 MINIMUM TEMPERATURE (F)   54        35      1953


SUNRISE AND SUNSET
APRIL 22 2018.........SUNRISE   625 AM CDT   SUNSET   740 PM CDT
APRIL 23 2018.........SUNRISE   624 AM CDT   SUNSET   741 PM CDT


-  INDICATES NEGATIVE NUMBERS.
R  INDICATES RECORD WAS SET OR TIED.
MM INDICATES DATA IS MISSING.
T  INDICATES TRACE AMOUNT.




$$
