000
CDUS44 KHGX 232121
CLIGLS


CLIMATE REPORT
NATIONAL WEATHER SERVICE HOUSTON/GALVESTON TX
420 PM CDT MON APR 23 2018


...................................

...THE GALVESTON CLIMATE SUMMARY FOR APRIL 23 2018...
VALID TODAY AS OF 400 PM LOCAL TIME.

CLIMATE NORMAL PERIOD 1981 TO 2010
CLIMATE RECORD PERIOD 1875 TO 2018


WEATHER ITEM   OBSERVED TIME   RECORD YEAR NORMAL DEPARTURE LAST
                VALUE   (LST)  VALUE       VALUE  FROM      YEAR
                                                  NORMAL
..................................................................
TEMPERATURE (F)
 TODAY
  MAXIMUM         81    259 PM  86    1971  77      4       75
  MINIMUM         59    542 AM  50    1884  67     -8       58
  AVERAGE         70                        72     -2       67

PRECIPITATION (IN)
  TODAY            0.00          2.64 1885   0.08  -0.08      T
  MONTH TO DATE    1.89                      2.48  -0.59     1.32
  SINCE MAR 1      3.23                      5.64  -2.41     2.59
  SINCE JAN 1      7.39                     12.41  -5.02     6.86

SNOWFALL (IN)
  TODAY            0.0          MM      MM  MM     MM        0.0
  MONTH TO DATE    0.0                      MM     MM        0.0
  SINCE MAR 1      0.0                      MM     MM        0.0
  SINCE JUL 1      T                         0.0    0.0      0.0
  SNOW DEPTH       0

DEGREE DAYS
 HEATING
  TODAY            0                         0      0        0
  MONTH TO DATE   19                        16      3        0
  SINCE MAR 1     39                       119    -80       18
  SINCE JUL 1    816                      1007   -191      328

 COOLING
  TODAY            5                         7     -2        2
  MONTH TO DATE  109                       117     -8      232
  SINCE MAR 1    276                       170    106      430
  SINCE JAN 1    377                       187    190      608
..................................................................


WIND (MPH)
  RESULTANT WIND SPEED   7   RESULTANT WIND DIRECTION  NW (320)
  HIGHEST WIND SPEED    15   HIGHEST WIND DIRECTION     W (280)
  HIGHEST GUST SPEED    20   HIGHEST GUST DIRECTION     W (260)
  AVERAGE WIND SPEED     8.1


SKY COVER
  AVERAGE SKY COVER 0.0


WEATHER CONDITIONS
 THE FOLLOWING WEATHER WAS RECORDED TODAY.
  NO SIGNIFICANT WEATHER WAS OBSERVED.


RELATIVE HUMIDITY (PERCENT)
 HIGHEST    78           600 AM
 LOWEST     39           200 PM
 AVERAGE    59

..........................................................


THE GALVESTON CLIMATE NORMALS FOR TOMORROW
                         NORMAL    RECORD    YEAR
 MAXIMUM TEMPERATURE (F)   78        87      1955
 MINIMUM TEMPERATURE (F)   67        53      1995


SUNRISE AND SUNSET
APRIL 23 2018.........SUNRISE   645 AM CDT   SUNSET   751 PM CDT
APRIL 24 2018.........SUNRISE   644 AM CDT   SUNSET   751 PM CDT


-  INDICATES NEGATIVE NUMBERS.
R  INDICATES RECORD WAS SET OR TIED.
MM INDICATES DATA IS MISSING.
T  INDICATES TRACE AMOUNT.




$$
