000
CDUS42 KJAX 230529
CLIGNV


CLIMATE REPORT
NATIONAL WEATHER SERVICE JACKSONVILLE FL
129 AM EDT WED MAY 23 2018


...................................

...THE GAINESVILLE CLIMATE SUMMARY FOR MAY 22 2018...

CLIMATE NORMAL PERIOD 1981 TO 2010
CLIMATE RECORD PERIOD 1890 TO 2018


WEATHER ITEM   OBSERVED TIME   RECORD YEAR NORMAL DEPARTURE LAST
                VALUE   (LST)  VALUE       VALUE  FROM      YEAR
                                                  NORMAL
..................................................................
TEMPERATURE (F)
 YESTERDAY
  MAXIMUM         88    124 PM 100    1938  88      0       92
  MINIMUM         70   1159 PM  50    1994  64      6       67
                                      1981
  AVERAGE         79                        76      3       80

PRECIPITATION (IN)
  YESTERDAY        0.56          3.54 1967   0.09   0.47     0.57
  MONTH TO DATE    5.38                      1.50   3.88     2.03
  SINCE MAR 1     15.28                      8.50   6.78     5.44
  SINCE JAN 1     21.18                     15.01   6.17     7.28

SNOWFALL (IN)
  YESTERDAY        0.0           0.0    MM   0.0    0.0      0.0
  MONTH TO DATE    0.0                       0.0    0.0      0.0
  SINCE MAR 1      0.0                       0.0    0.0      0.0
  SINCE JUL 1      0.0                       0.0    0.0      0.0
  SNOW DEPTH       0

DEGREE DAYS
 HEATING
  YESTERDAY        0                         0      0        0
  MONTH TO DATE    0                         0      0        0
  SINCE MAR 1    201                       180     21      143
  SINCE JUL 1   1104                      1214   -110      646

 COOLING
  YESTERDAY       14                        11      3       15
  MONTH TO DATE  213                       194     19      236
  SINCE MAR 1    418                       369     49      491
  SINCE JAN 1    546                       401    145      575
..................................................................


WIND (MPH)
  HIGHEST WIND SPEED    24   HIGHEST WIND DIRECTION    SE (150)
  HIGHEST GUST SPEED    30   HIGHEST GUST DIRECTION    SE (150)
  AVERAGE WIND SPEED     5.3


SKY COVER
  POSSIBLE SUNSHINE  MM
  AVERAGE SKY COVER 0.6


WEATHER CONDITIONS
 THE FOLLOWING WEATHER WAS RECORDED YESTERDAY.
  THUNDERSTORM
  HEAVY RAIN
  RAIN
  LIGHT RAIN
  FOG


RELATIVE HUMIDITY (PERCENT)
 HIGHEST    93           200 AM
 LOWEST     51          1200 PM
 AVERAGE    72

..........................................................


THE GAINESVILLE CLIMATE NORMALS FOR TODAY
                         NORMAL    RECORD    YEAR
 MAXIMUM TEMPERATURE (F)   88        98      1899
 MINIMUM TEMPERATURE (F)   64        47      1993


SUNRISE AND SUNSET
MAY 23 2018...........SUNRISE   632 AM EDT   SUNSET   820 PM EDT
MAY 24 2018...........SUNRISE   632 AM EDT   SUNSET   820 PM EDT


-  INDICATES NEGATIVE NUMBERS.
R  INDICATES RECORD WAS SET OR TIED.
MM INDICATES DATA IS MISSING.
T  INDICATES TRACE AMOUNT.




$$
