000
CDUS42 KGSP 190634
CLIGSP

CLIMATE REPORT
NATIONAL WEATHER SERVICE GREENVILLE-SPARTANBURG SC
233 AM EDT THU APR 19 2018


...................................

...THE GREENVILLE-SPARTANBURG SC CLIMATE SUMMARY FOR APRIL 18 2018...

CLIMATE NORMAL PERIOD 1981 TO 2010
CLIMATE RECORD PERIOD 1884 TO 2018


WEATHER ITEM   OBSERVED TIME   RECORD YEAR NORMAL DEPARTURE LAST
                VALUE   (LST)  VALUE       VALUE  FROM      YEAR
                                                  NORMAL
..................................................................
TEMPERATURE (F)
 YESTERDAY
  MAXIMUM         82    450 PM  89    2002  73      9       67
                                      1967
  MINIMUM         53    518 AM  28    1905  49      4       62
  AVERAGE         68                        61      7       65

PRECIPITATION (IN)
  YESTERDAY        0.00          3.01 1969   0.11  -0.11      T
  MONTH TO DATE    2.83                      2.01   0.82     2.42
  SINCE MAR 1      6.39                      6.53  -0.14     9.77
  SINCE JAN 1     14.66                     14.32   0.34    15.49

SNOWFALL (IN)
  YESTERDAY        0.0           0.1  1983   0.0    0.0      0.0
  MONTH TO DATE    0.0                       0.0    0.0      0.0
  SINCE MAR 1      0.0                       0.9   -0.9      0.5
  SINCE JUL 1      4.7                       4.7    0.0      3.6
  SNOW DEPTH       0

DEGREE DAYS
 HEATING
  YESTERDAY        0                         5     -5        0
  MONTH TO DATE  136                       124     12       49
  SINCE MAR 1    576                       508     68      403
  SINCE JUL 1   2847                      2957   -110     2129

 COOLING
  YESTERDAY        3                         1      2        0
  MONTH TO DATE   12                        18     -6       36
  SINCE MAR 1     13                        26    -13       52
  SINCE JAN 1     33                        26      7       58
..................................................................


WIND (MPH)
  HIGHEST WIND SPEED    30   HIGHEST WIND DIRECTION     S (200)
  HIGHEST GUST SPEED    39   HIGHEST GUST DIRECTION    SW (210)
  AVERAGE WIND SPEED    15.0


SKY COVER
  POSSIBLE SUNSHINE  MM
  AVERAGE SKY COVER 0.0


WEATHER CONDITIONS
 THE FOLLOWING WEATHER WAS RECORDED YESTERDAY.
  NO SIGNIFICANT WEATHER WAS OBSERVED.


RELATIVE HUMIDITY (PERCENT)
 HIGHEST    71           500 AM
 LOWEST     17           300 PM
 AVERAGE    44

..........................................................


THE GREENVILLE-SPARTANBURG SC CLIMATE NORMALS FOR TODAY
                         NORMAL    RECORD    YEAR
 MAXIMUM TEMPERATURE (F)   74        93      1917
 MINIMUM TEMPERATURE (F)   49        31      2001


SUNRISE AND SUNSET
APRIL 19 2018.........SUNRISE   652 AM EDT   SUNSET   804 PM EDT
APRIL 20 2018.........SUNRISE   651 AM EDT   SUNSET   805 PM EDT


-  INDICATES NEGATIVE NUMBERS.
R  INDICATES RECORD WAS SET OR TIED.
MM INDICATES DATA IS MISSING.
T  INDICATES TRACE AMOUNT.




$$
JPT
