000
CDUS46 KHNX 200823
CLIHJO


CLIMATE REPORT
NATIONAL WEATHER SERVICE SAN JOAQUIN VALLEY, CA
122 AM PDT SUN MAY 20 2018


...................................

...THE HANFORD CA CLIMATE SUMMARY FOR MAY 19 2018...

CLIMATE NORMAL PERIOD 1981 TO 2010
CLIMATE RECORD PERIOD 1998 TO 2018


WEATHER ITEM   OBSERVED TIME   RECORD YEAR NORMAL DEPARTURE
                VALUE   (LST)  VALUE       VALUE  FROM
                                                  NORMAL
...............................................................
TEMPERATURE (F)
 YESTERDAY
  MAXIMUM         88    446 PM 102    2008  85      3
  MINIMUM         61    547 AM  46    2003  54      7
  AVERAGE         75                        70      5

PRECIPITATION (IN)
  YESTERDAY        0.00          0.00   MM   0.01  -0.01
  MONTH TO DATE    0.00                      0.30  -0.30
  SINCE OCT 1      4.70                      9.62  -4.92
  SINCE JAN 1      4.29                      6.49  -2.20

SNOWFALL (IN)
  YESTERDAY        0.0
  MONTH TO DATE    0.0
  SINCE MAR 1      0.0
  SINCE JUL 1      0.0
  SNOW DEPTH       0

DEGREE DAYS
 HEATING
  YESTERDAY        0
  MONTH TO DATE    7
  SINCE MAR 1    372
  SINCE JUL 1   2042

 COOLING
  YESTERDAY       10
  MONTH TO DATE  103
  SINCE MAR 1    172
  SINCE JAN 1    172
...............................................................


WIND (MPH)
  HIGHEST WIND SPEED    21   HIGHEST WIND DIRECTION    NW (320)
  HIGHEST GUST SPEED    27   HIGHEST GUST DIRECTION    NW (320)
  AVERAGE WIND SPEED    10.2




RELATIVE HUMIDITY (PERCENT)
 HIGHEST    78
 LOWEST     22
 AVERAGE    50

..........................................................


THE HANFORD CA CLIMATE NORMALS FOR TODAY
                         NORMAL    RECORD    YEAR
 MAXIMUM TEMPERATURE (F)   85        97      2001
 MINIMUM TEMPERATURE (F)   54        49      2011
                                             1998


SUNRISE AND SUNSET
MAY 20 2018...........SUNRISE   548 AM PDT   SUNSET   802 PM PDT
MAY 21 2018...........SUNRISE   548 AM PDT   SUNSET   803 PM PDT


-  INDICATES NEGATIVE NUMBERS.
R  INDICATES RECORD WAS SET OR TIED.
MM INDICATES DATA IS MISSING.
T  INDICATES TRACE AMOUNT.




$$
