000
CDUS44 KHGX 232123
CLIHOU

CLIMATE REPORT
NATIONAL WEATHER SERVICE HOUSTON/GALVESTON TX
418 PM CDT WED MAY 23 2018


...................................

...THE HOUSTON/HOBBY AIRPORT CLIMATE SUMMARY FOR MAY 23 2018...
VALID TODAY AS OF 400 PM LOCAL TIME.

CLIMATE NORMAL PERIOD 1981 TO 2010
CLIMATE RECORD PERIOD 1930 TO 2018


WEATHER ITEM   OBSERVED TIME   RECORD YEAR NORMAL DEPARTURE LAST
                VALUE   (LST)  VALUE       VALUE  FROM      YEAR
                                                  NORMAL
..................................................................
TEMPERATURE (F)
 TODAY
  MAXIMUM         82    840 AM  93    2008  87     -5       88
                                      2005
                                      1961
  MINIMUM         71    504 AM  55    1967  70      1       65
  AVERAGE         77                        79     -2       77

PRECIPITATION (IN)
  TODAY            T             3.58 1959   0.16  -0.16     0.15
  MONTH TO DATE    2.51                      3.34  -0.83     1.72
  SINCE MAR 1      7.15                      9.79  -2.64    12.85
  SINCE JAN 1     14.39                     16.87  -2.48    18.97

DEGREE DAYS
 COOLING
  TODAY           12                        14     -2       12
  MONTH TO DATE  312                       258     54      249
  SINCE MAR 1    566                       500     66      638
  SINCE JAN 1    657                       538    119      825
..................................................................


WIND (MPH)
  RESULTANT WIND SPEED   3   RESULTANT WIND DIRECTION   E (100)
  HIGHEST WIND SPEED    17   HIGHEST WIND DIRECTION    SE (120)
  HIGHEST GUST SPEED    21   HIGHEST GUST DIRECTION    SE (120)
  AVERAGE WIND SPEED     3.5



WEATHER CONDITIONS
 THE FOLLOWING WEATHER WAS RECORDED TODAY.
  THUNDERSTORM
  LIGHT RAIN
  FOG


RELATIVE HUMIDITY (PERCENT)
 HIGHEST   100          1200 AM
 LOWEST     74           200 PM
 AVERAGE    87

..........................................................


THE HOUSTON/HOBBY AIRPORT CLIMATE NORMALS FOR TOMORROW
                         NORMAL    RECORD    YEAR
 MAXIMUM TEMPERATURE (F)   87        95      1955
 MINIMUM TEMPERATURE (F)   71        57      1940


SUNRISE AND SUNSET
MAY 23 2018...........SUNRISE   624 AM CDT   SUNSET   812 PM CDT
MAY 24 2018...........SUNRISE   624 AM CDT   SUNSET   812 PM CDT


-  INDICATES NEGATIVE NUMBERS.
R  INDICATES RECORD WAS SET OR TIED.
MM INDICATES DATA IS MISSING.
T  INDICATES TRACE AMOUNT.

...MISCELLANEOUS CLIMATE DATA FOR TODAY...

LOCATION                        HIGH    LOW     PRECIP
PEARLAND                         82      71      0.24
SUGAR LAND                       88      72       T
TOMBALL                          86      69      0.21
CONROE                           87      65      0.00
HUNTSVILLE                       90      68      0.38
ANGLETON/LAKE JACKSON            83      70      2.18
PALACIOS                         87      74       T
LEAGUE CITY (NWS)                81      70      0.61


THIS PRODUCT...ALONG WITH OTHER WEATHER...HYDROLOGIC...AND CLIMATE
PRODUCTS...IS AVAILABLE ON THE WEB AT HTTP://WWW.WEATHER.GOV/HGX


$$
