612
CDUS43 KGID 270633
CLIHSI


CLIMATE REPORT
NATIONAL WEATHER SERVICE HASTINGS NE
132 AM CDT SUN MAY 27 2018


...................................

...THE HASTINGS NE CLIMATE SUMMARY FOR MAY 26 2018...

CLIMATE NORMAL PERIOD 1981 TO 2010
CLIMATE RECORD PERIOD 1894 TO 2018


WEATHER ITEM   OBSERVED TIME   RECORD YEAR NORMAL DEPARTURE LAST
                VALUE   (LST)  VALUE       VALUE  FROM      YEAR
                                                  NORMAL
..................................................................
TEMPERATURE (F)
 YESTERDAY
  MAXIMUM         97    419 PM 100    2012  75     22       79
  MINIMUM         66    330 AM  38    1992  55     11       58
  AVERAGE         82                        65     17       69

PRECIPITATION (IN)
  YESTERDAY        0.00          2.81 1996   0.11  -0.11      T
  MONTH TO DATE    3.14                      3.97  -0.83     6.06
  SINCE MAR 1      5.47                      8.32  -2.85    10.38
  SINCE JAN 1      6.49                      9.22  -2.73    11.48

SNOWFALL (IN)
  YESTERDAY        0.0           T    2002   0.0    0.0      0.0
  MONTH TO DATE    T                         0.0    0.0      0.6
  SINCE MAR 1      7.2                       6.4    0.8      2.0
  SINCE JUL 1     27.1                      28.8   -1.7     11.1
  SNOW DEPTH       0

DEGREE DAYS
 HEATING
  YESTERDAY        0                         3     -3        0
  MONTH TO DATE   81                       157    -76      163
  SINCE MAR 1   1504                      1366    138     1213
  SINCE JUL 1   6222                      5996    226     5143

 COOLING
  YESTERDAY       17                         3     14        4
  MONTH TO DATE   99                        39     60       50
  SINCE MAR 1    106                        44     62       58
  SINCE JAN 1    106                        44     62       58
..................................................................


WIND (MPH)
  HIGHEST WIND SPEED    13   HIGHEST WIND DIRECTION     W (250)
  HIGHEST GUST SPEED    19   HIGHEST GUST DIRECTION     W (250)
  AVERAGE WIND SPEED     6.2


SKY COVER
  AVERAGE SKY COVER 0.0


WEATHER CONDITIONS
 THE FOLLOWING WEATHER WAS RECORDED YESTERDAY.
  NO SIGNIFICANT WEATHER WAS OBSERVED.


RELATIVE HUMIDITY (PERCENT)
 HIGHEST    76           400 AM
 LOWEST     24           500 PM
 AVERAGE    50

..........................................................


THE HASTINGS NE CLIMATE NORMALS FOR TODAY
                         NORMAL    RECORD    YEAR
 MAXIMUM TEMPERATURE (F)   76        93      2006
                                             1974
                                             1913
 MINIMUM TEMPERATURE (F)   55        38      1992
                                             1907


SUNRISE AND SUNSET
MAY 27 2018...........SUNRISE   608 AM CDT   SUNSET   855 PM CDT
MAY 28 2018...........SUNRISE   607 AM CDT   SUNSET   855 PM CDT


-  INDICATES NEGATIVE NUMBERS.
R  INDICATES RECORD WAS SET OR TIED.
MM INDICATES DATA IS MISSING.
T  INDICATES TRACE AMOUNT.




$$

Thies
