000
CDUS44 KHUN 200713
CLIHSV


CLIMATE REPORT
NATIONAL WEATHER SERVICE HUNTSVILLE AL
212 AM CDT SUN MAY 20 2018


...................................

...THE HUNTSVILLE CLIMATE SUMMARY FOR MAY 19 2018...

CLIMATE NORMAL PERIOD 1981 TO 2010
CLIMATE RECORD PERIOD 1894 TO 2018


WEATHER ITEM   OBSERVED TIME   RECORD YEAR NORMAL DEPARTURE LAST
                VALUE   (LST)  VALUE       VALUE  FROM      YEAR
                                                  NORMAL
..................................................................
TEMPERATURE (F)
 YESTERDAY
  MAXIMUM         89    428 PM  96    1962  82      7       91
  MINIMUM         67    455 AM  40    1976  60      7       71
  AVERAGE         78                        71      7       81

PRECIPITATION (IN)
  YESTERDAY        0.00          4.46 1983   0.16  -0.16     0.00
  MONTH TO DATE    1.10                      3.28  -2.18     1.46
  SINCE MAR 1     13.44                     12.81   0.63     9.34
  SINCE JAN 1     23.85                     22.54   1.31    18.21

SNOWFALL (IN)
  YESTERDAY        0.0
  MONTH TO DATE    0.0
  SINCE MAR 1      T
  SINCE JUL 1      0.4
  SNOW DEPTH       0

DEGREE DAYS
 HEATING
  YESTERDAY        0                         1     -1        0
  MONTH TO DATE    0                        24    -24       32
  SINCE MAR 1    616                       546     70      397
  SINCE JUL 1   2901                      2998    -97     1964

 COOLING
  YESTERDAY       13                         7      6       16
  MONTH TO DATE  187                        93     94      108
  SINCE MAR 1    204                       164     40      286
  SINCE JAN 1    239                       165     74      291
..................................................................


WIND (MPH)
  HIGHEST WIND SPEED    14   HIGHEST WIND DIRECTION     S (180)
  HIGHEST GUST SPEED    16   HIGHEST GUST DIRECTION    SW (230)
  AVERAGE WIND SPEED     5.2


SKY COVER
  POSSIBLE SUNSHINE  MM
  AVERAGE SKY COVER 0.4


WEATHER CONDITIONS
 THE FOLLOWING WEATHER WAS RECORDED YESTERDAY.
  NO SIGNIFICANT WEATHER WAS OBSERVED.


RELATIVE HUMIDITY (PERCENT)
 HIGHEST   100          1200 AM
 LOWEST     44           200 PM
 AVERAGE    72

..........................................................


THE HUNTSVILLE CLIMATE NORMALS FOR TODAY
                         NORMAL    RECORD    YEAR
 MAXIMUM TEMPERATURE (F)   82        96      1960
 MINIMUM TEMPERATURE (F)   61        43      2002


SUNRISE AND SUNSET
MAY 20 2018...........SUNRISE   541 AM CDT   SUNSET   747 PM CDT
MAY 21 2018...........SUNRISE   540 AM CDT   SUNSET   748 PM CDT


-  INDICATES NEGATIVE NUMBERS.
R  INDICATES RECORD WAS SET OR TIED.
MM INDICATES DATA IS MISSING.
T  INDICATES TRACE AMOUNT.




$$
