000
CDUS43 KAPX 200536
CLIHTL


CLIMATE REPORT
NATIONAL WEATHER SERVICE GAYLORD MI
136 AM EDT TUE AUG 20 2019


...................................

...THE HOUGHTON LAKE MI CLIMATE SUMMARY FOR AUGUST 19 2019...

CLIMATE NORMAL PERIOD 1981 TO 2010
CLIMATE RECORD PERIOD 1913 TO 2019


WEATHER ITEM   OBSERVED TIME   RECORD YEAR NORMAL DEPARTURE LAST
                VALUE   (LST)  VALUE       VALUE  FROM      YEAR
                                                  NORMAL
..................................................................
TEMPERATURE (F)
 YESTERDAY
  MAXIMUM         80    450 PM  97    1955  77      3       83
  MINIMUM         53   1159 PM  32    1933  53      0       57
  AVERAGE         67                        65      2       70

PRECIPITATION (IN)
  YESTERDAY        0.00          2.31 1994   0.11  -0.11     0.00
  MONTH TO DATE    1.69                      2.16  -0.47     0.22
  SINCE JUN 1      8.92                      8.02   0.90     4.14
  SINCE JAN 1     22.62                     17.88   4.74    16.49

DEGREE DAYS
 HEATING
  YESTERDAY        0                         3     -3        0
  MONTH TO DATE   21                        40    -19        0
  SINCE JUN 1    158                       211    -53       72
  SINCE JUL 1     39                        87    -48        5

 COOLING
  YESTERDAY        2                         2      0        5
  MONTH TO DATE   42                        54    -12      124
  SINCE JUN 1    244                       225     19      357
  SINCE JAN 1    246                       241      5      421
..................................................................


WIND (MPH)
  HIGHEST WIND SPEED    14   HIGHEST WIND DIRECTION     W (250)
  HIGHEST GUST SPEED    20   HIGHEST GUST DIRECTION     W (250)
  AVERAGE WIND SPEED     3.9




RELATIVE HUMIDITY (PERCENT)
 HIGHEST   100
 LOWEST     37
 AVERAGE    69

..........................................................


THE HOUGHTON LAKE MI CLIMATE NORMALS FOR TODAY
                         NORMAL    RECORD    YEAR
 MAXIMUM TEMPERATURE (F)   77        98      1955
 MINIMUM TEMPERATURE (F)   52        32      1929
                                             1923


SUNRISE AND SUNSET
AUGUST 20 2019........SUNRISE   647 AM EDT   SUNSET   836 PM EDT
AUGUST 21 2019........SUNRISE   649 AM EDT   SUNSET   834 PM EDT


-  INDICATES NEGATIVE NUMBERS.
R  INDICATES RECORD WAS SET OR TIED.
MM INDICATES DATA IS MISSING.
T  INDICATES TRACE AMOUNT.




$$
