000
CDUS41 KCAR 230547
CLIHUL


CLIMATE REPORT
NATIONAL WEATHER SERVICE CARIBOU, ME
146 AM EDT WED MAY 23 2018


...................................

...THE HOULTON ME CLIMATE SUMMARY FOR MAY 22 2018...

CLIMATE NORMAL PERIOD 1981 TO 2010
CLIMATE RECORD PERIOD 1948 TO 2018


WEATHER ITEM   OBSERVED TIME   RECORD YEAR NORMAL DEPARTURE LAST
                VALUE   (LST)  VALUE       VALUE  FROM      YEAR
                                                  NORMAL
..................................................................
TEMPERATURE (F)
 YESTERDAY
  MAXIMUM         76    304 PM  94    1992  66     10       63
  MINIMUM         30    351 AM  23    1982  40    -10       39
  AVERAGE         53                        53      0       51

PRECIPITATION (IN)
  YESTERDAY        0.00          1.30 1998   0.11  -0.11      T
  MONTH TO DATE    2.23                      2.32  -0.09     3.78
  SINCE MAR 1      7.68                      8.79  -1.11     9.17
  SINCE JAN 1     13.36                     13.65  -0.29    13.62

SNOWFALL (IN)
  YESTERDAY       MM             2.0  1990   0.0   MM       MM
  MONTH TO DATE   MM                         0.1   MM       MM
  SINCE MAR 1     MM                        23.9   MM       MM
  SINCE JUL 1     MM                        89.5   MM       MM
  SNOW DEPTH      MM

DEGREE DAYS
 HEATING
  YESTERDAY       12                        12      0       14
  MONTH TO DATE  308                       337    -29      328
  SINCE MAR 1   2266                      2337    -71     2356
  SINCE JUL 1   8334                      8910   -576     8317

 COOLING
  YESTERDAY        0                         0      0        0
  MONTH TO DATE    0                         0      0        6
  SINCE MAR 1      0                         0      0        6
  SINCE JAN 1      0                         0      0        6
..................................................................


WIND (MPH)
  HIGHEST WIND SPEED    23   HIGHEST WIND DIRECTION    SW (240)
  HIGHEST GUST SPEED    34   HIGHEST GUST DIRECTION    SW (220)
  AVERAGE WIND SPEED     8.5


SKY COVER
  POSSIBLE SUNSHINE  MM
  AVERAGE SKY COVER 0.0


WEATHER CONDITIONS
 THE FOLLOWING WEATHER WAS RECORDED YESTERDAY.
  NO SIGNIFICANT WEATHER WAS OBSERVED.


RELATIVE HUMIDITY (PERCENT)
 HIGHEST    92           200 AM
 LOWEST     27           900 AM
 AVERAGE    60

..........................................................


THE HOULTON ME CLIMATE NORMALS FOR TODAY
                         NORMAL    RECORD    YEAR
 MAXIMUM TEMPERATURE (F)   66        92      1977
 MINIMUM TEMPERATURE (F)   41        25      1982


SUNRISE AND SUNSET
MAY 23 2018...........SUNRISE   450 AM EDT   SUNSET   806 PM EDT
MAY 24 2018...........SUNRISE   449 AM EDT   SUNSET   807 PM EDT


-  INDICATES NEGATIVE NUMBERS.
R  INDICATES RECORD WAS SET OR TIED.
MM INDICATES DATA IS MISSING.
T  INDICATES TRACE AMOUNT.




$$
