000
CDUS45 KPIH 250730
CLIIDA


CLIMATE REPORT
NATIONAL WEATHER SERVICE POCATELLO ID
130 AM MDT WED APR 25 2018


...................................

...THE IDAHO FALLS ID CLIMATE SUMMARY FOR APRIL 24 2018...

CLIMATE NORMAL PERIOD 1981 TO 2010
CLIMATE RECORD PERIOD 1948 TO 2018


WEATHER ITEM   OBSERVED TIME   RECORD YEAR NORMAL DEPARTURE LAST
                VALUE   (LST)  VALUE       VALUE  FROM      YEAR
                                                  NORMAL
..................................................................
TEMPERATURE (F)
 YESTERDAY
  MAXIMUM         59    543 PM  81    1977  61     -2       48
  MINIMUM         31    551 AM  19    2002  33     -2       39
                                      1950
  AVERAGE         45                        47     -2       44

PRECIPITATION (IN)
  YESTERDAY        0.00          0.54 1971   0.05  -0.05     0.28
  MONTH TO DATE    1.38                      0.85   0.53     0.51
  SINCE OCT 1      5.19                      5.63  -0.44     7.27
  SINCE JAN 1      3.26                      3.06   0.20     2.99

SNOWFALL (IN)
  YESTERDAY       MM
  MONTH TO DATE   MM
  SINCE MAR 1     MM
  SINCE JUL 1     MM
  SNOW DEPTH      MM

DEGREE DAYS
 HEATING
  YESTERDAY       20                        18      2       21
  MONTH TO DATE  470                       506    -36      503
  SINCE MAR 1   1392                      1408    -16     1237
  SINCE JUL 1   6680                      7210   -530     7034

 COOLING
  YESTERDAY        0                         0      0        0
  MONTH TO DATE    0                         0      0        0
  SINCE MAR 1      0                         0      0        0
  SINCE JAN 1      0                         0      0        0
..................................................................


WIND (MPH)
  HIGHEST WIND SPEED    18   HIGHEST WIND DIRECTION     N (20)
  HIGHEST GUST SPEED    22   HIGHEST GUST DIRECTION     N (20)
  AVERAGE WIND SPEED     7.8


SKY COVER
  POSSIBLE SUNSHINE  MM
  AVERAGE SKY COVER 0.1


WEATHER CONDITIONS
 THE FOLLOWING WEATHER WAS RECORDED YESTERDAY.
  NO SIGNIFICANT WEATHER WAS OBSERVED.


RELATIVE HUMIDITY (PERCENT)
 HIGHEST    82          1200 AM
 LOWEST     33           500 PM
 AVERAGE    58

..........................................................


THE IDAHO FALLS ID CLIMATE NORMALS FOR TODAY
                         NORMAL    RECORD    YEAR
 MAXIMUM TEMPERATURE (F)   61        82      1977
 MINIMUM TEMPERATURE (F)   33        23      2009


SUNRISE AND SUNSET
APRIL 25 2018.........SUNRISE   630 AM MDT   SUNSET   824 PM MDT
APRIL 26 2018.........SUNRISE   628 AM MDT   SUNSET   825 PM MDT


-  INDICATES NEGATIVE NUMBERS.
R  INDICATES RECORD WAS SET OR TIED.
MM INDICATES DATA IS MISSING.
T  INDICATES TRACE AMOUNT.




$$
