000
CDUS45 KVEF 260828
CLIIGM


CLIMATE REPORT
NATIONAL WEATHER SERVICE LAS VEGAS, NV
127 AM PDT SAT MAY 26 2018


...................................

...THE KINGMAN AZ CLIMATE SUMMARY FOR MAY 25 2018...

CLIMATE NORMAL PERIOD 1981 TO 2010
CLIMATE RECORD PERIOD 1901 TO 2018


WEATHER ITEM   OBSERVED TIME   RECORD YEAR NORMAL DEPARTURE LAST
                VALUE   (LST)  VALUE       VALUE  FROM      YEAR
                                                  NORMAL
..................................................................
TEMPERATURE (F)
 YESTERDAY
  MAXIMUM         88    332 PM  99    2001  88      0       91
  MINIMUM         57    512 AM  36    2010  55      2       67
  AVERAGE         73                        72      1       79

PRECIPITATION (IN)
  YESTERDAY        0.00          0.21 1996   0.00   0.00     0.00
  MONTH TO DATE    0.00                      0.11  -0.11     0.19
  SINCE OCT 1      1.31                      5.54  -4.23     6.45
  SINCE JAN 1      1.31                      3.44  -2.13     2.89

DEGREE DAYS
 HEATING
  YESTERDAY        0                         1     -1        0
  MONTH TO DATE   29                        50    -21       85
  SINCE MAR 1    494                       683   -189      494
  SINCE JUL 1   2272                      3096   -824     2491

 COOLING
  YESTERDAY        8                         7      1       14
  MONTH TO DATE  147                       119     28       95
  SINCE MAR 1    226                       150     76      110
  SINCE JAN 1    226                       150     76      110
..................................................................


WIND (MPH)
  RESULTANT WIND SPEED  15   RESULTANT WIND DIRECTION   S (200)
  HIGHEST WIND SPEED    35   HIGHEST WIND DIRECTION    SW (210)
  HIGHEST GUST SPEED    45   HIGHEST GUST DIRECTION    SW (220)
  AVERAGE WIND SPEED    18.4


SKY COVER
  POSSIBLE SUNSHINE  MM
  AVERAGE SKY COVER 0.0


WEATHER CONDITIONS
 THE FOLLOWING WEATHER WAS RECORDED YESTERDAY.
  NO SIGNIFICANT WEATHER WAS OBSERVED.


RELATIVE HUMIDITY (PERCENT)
 HIGHEST    36           500 AM
 LOWEST      8           300 PM
 AVERAGE    22

..........................................................


THE KINGMAN AZ CLIMATE NORMALS FOR TODAY
                         NORMAL    RECORD    YEAR
 MAXIMUM TEMPERATURE (F)   88       101      1951
 MINIMUM TEMPERATURE (F)   55        34      1911


SUNRISE AND SUNSET
MAY 26 2018...........SUNRISE   525 AM MST   SUNSET   741 PM MST
MAY 27 2018...........SUNRISE   524 AM MST   SUNSET   742 PM MST


-  INDICATES NEGATIVE NUMBERS.
R  INDICATES RECORD WAS SET OR TIED.
MM INDICATES DATA IS MISSING.
T  INDICATES TRACE AMOUNT.




$$
