000
CDUS44 KJAN 232137
CLIJAN


CLIMATE REPORT
NATIONAL WEATHER SERVICE JACKSON MS
427 PM CDT MON APR 23 2018


...................................

...THE JACKSON CLIMATE SUMMARY FOR APRIL 23 2018...
VALID TODAY AS OF 0400 PM LOCAL TIME.

CLIMATE NORMAL PERIOD 1981 TO 2010
CLIMATE RECORD PERIOD 1896 TO 2018


WEATHER ITEM   OBSERVED TIME   RECORD YEAR NORMAL DEPARTURE LAST
                VALUE   (LST)  VALUE       VALUE  FROM      YEAR
                                                  NORMAL
..................................................................
TEMPERATURE (F)
 TODAY
  MAXIMUM         63    142 PM  93    1925  78    -15       60
  MINIMUM         51    302 AM  35    1903  54     -3       53
  AVERAGE         57                        66     -9       57

PRECIPITATION (IN)
  TODAY            0.00          2.03 1988   0.14  -0.14     0.08
  MONTH TO DATE    8.58                      3.97   4.61     8.83
  SINCE MAR 1     17.77                      9.01   8.76    13.35
  SINCE JAN 1     31.38                     18.74  12.64    23.56

SNOWFALL (IN)
  TODAY            0.0           0.0    MM   0.0    0.0      0.0
  MONTH TO DATE    0.0                       0.0    0.0      0.0
  SINCE MAR 1      0.0                       0.1   -0.1      0.0
  SINCE JUL 1      5.9                       0.8    5.1      0.8

DEGREE DAYS
 HEATING
  TODAY            8                         2      6        8
  MONTH TO DATE  140                        96     44       31
  SINCE MAR 1    368                       374     -6      195
  SINCE JUL 1   2038                      2366   -328     1313

 COOLING
  TODAY            0                         3     -3        0
  MONTH TO DATE   22                        54    -32      102
  SINCE MAR 1     62                        81    -19      187
  SINCE JAN 1    127                        91     36      245
..................................................................


WIND (MPH)
  HIGHEST WIND SPEED    14   HIGHEST WIND DIRECTION     W (270)
  HIGHEST GUST SPEED    18   HIGHEST GUST DIRECTION     W (270)
  AVERAGE WIND SPEED     6.8


SKY COVER
  POSSIBLE SUNSHINE  MM
  AVERAGE SKY COVER 0.8


WEATHER CONDITIONS
 THE FOLLOWING WEATHER WAS RECORDED TODAY.
  NO SIGNIFICANT WEATHER WAS OBSERVED.


RELATIVE HUMIDITY (PERCENT)
 HIGHEST    96           300 AM
 LOWEST     65           100 PM
 AVERAGE    81

..........................................................


THE JACKSON CLIMATE NORMALS FOR TOMORROW
                         NORMAL    RECORD    YEAR
 MAXIMUM TEMPERATURE (F)   78        93      1925
 MINIMUM TEMPERATURE (F)   55        39      1910


SUNRISE AND SUNSET
APRIL 23 2018.........SUNRISE   622 AM CDT   SUNSET   736 PM CDT
APRIL 24 2018.........SUNRISE   621 AM CDT   SUNSET   736 PM CDT


-  INDICATES NEGATIVE NUMBERS.
R  INDICATES RECORD WAS SET OR TIED.
MM INDICATES DATA IS MISSING.
T  INDICATES TRACE AMOUNT.

&&

AT 4 PM:

THE PEARL RIVER STAGE AT JACKSON WAS 22.7 FEET. THE RIVER
HAS RISEN 1.8 FEET OVER THE PAST 24 HOURS.

THE MISSISSIPPI RIVER STAGE AT VICKSBURG WAS 43.0 FEET. THE RIVER
HAS REMAINED STEADY OVER THE PAST 24 HOURS.

THE AIR QUALITY INDEX IN JACKSON WAS 37...WHICH WAS GOOD.

$$
