890
CDUS42 KJAX 200529
CLIJAX


CLIMATE REPORT
NATIONAL WEATHER SERVICE JACKSONVILLE FL
128 AM EDT FRI APR 20 2018


...................................

...THE JACKSONVILLE CLIMATE SUMMARY FOR APRIL 19 2018...

CLIMATE NORMAL PERIOD 1981 TO 2010
CLIMATE RECORD PERIOD 1871 TO 2018


WEATHER ITEM   OBSERVED TIME   RECORD YEAR NORMAL DEPARTURE LAST
                VALUE   (LST)  VALUE       VALUE  FROM      YEAR
                                                  NORMAL
..................................................................
TEMPERATURE (F)
 YESTERDAY
  MAXIMUM         87    316 PM  92    1995  80      7       84
                                      1968
  MINIMUM         58    408 AM  36    2001  55      3       59
  AVERAGE         73                        68      5       72

PRECIPITATION (IN)
  YESTERDAY        0.00          4.53 1900   0.09  -0.09     0.00
  MONTH TO DATE    2.10                      1.82   0.28     0.74
  SINCE MAR 1      4.24                      5.77  -1.53     1.81
  SINCE JAN 1      9.61                     12.26  -2.65     7.21

SNOWFALL (IN)
  YESTERDAY        0.0           0.0  2002   0.0    0.0      0.0
                                      2001
  MONTH TO DATE    0.0                       0.0    0.0      0.0
  SINCE MAR 1      T                         T      0.0      0.0
  SINCE JUL 1      T                         T      0.0      0.0
  SNOW DEPTH       0

DEGREE DAYS
 HEATING
  YESTERDAY        0                         1     -1        0
  MONTH TO DATE   34                        45    -11       21
  SINCE MAR 1    236                       201     35      179
  SINCE JUL 1   1102                      1334   -232      782

 COOLING
  YESTERDAY        8                         4      4        7
  MONTH TO DATE   60                        60      0       80
  SINCE MAR 1    100                       114    -14      159
  SINCE JAN 1    215                       143     72      231
..................................................................


WIND (MPH)
  HIGHEST WIND SPEED    24   HIGHEST WIND DIRECTION     W (250)
  HIGHEST GUST SPEED    30   HIGHEST GUST DIRECTION     W (250)
  AVERAGE WIND SPEED    11.5


SKY COVER
  POSSIBLE SUNSHINE  MM
  AVERAGE SKY COVER 0.3


WEATHER CONDITIONS
 THE FOLLOWING WEATHER WAS RECORDED YESTERDAY.
  NO SIGNIFICANT WEATHER WAS OBSERVED.


RELATIVE HUMIDITY (PERCENT)
 HIGHEST    93           400 AM
 LOWEST     32           400 PM
 AVERAGE    63

..........................................................


THE JACKSONVILLE CLIMATE NORMALS FOR TODAY
                         NORMAL    RECORD    YEAR
 MAXIMUM TEMPERATURE (F)   80        92      1995
                                             1968
 MINIMUM TEMPERATURE (F)   55        40      1983


SUNRISE AND SUNSET
APRIL 20 2018.........SUNRISE   654 AM EDT   SUNSET   758 PM EDT
APRIL 21 2018.........SUNRISE   653 AM EDT   SUNSET   758 PM EDT


-  INDICATES NEGATIVE NUMBERS.
R  INDICATES RECORD WAS SET OR TIED.
MM INDICATES DATA IS MISSING.
T  INDICATES TRACE AMOUNT.




$$
