479
CDUS44 KMEG 232224
CLIJBR


CLIMATE REPORT
NATIONAL WEATHER SERVICE MEMPHIS TN
524 PM CDT MON APR 23 2018


...................................

...THE JONESBORO CLIMATE SUMMARY FOR APRIL 23 2018...
VALID TODAY AS OF 0500 PM LOCAL TIME.

CLIMATE NORMAL PERIOD 1981 TO 2010
CLIMATE RECORD PERIOD 1897 TO 2018


WEATHER ITEM   OBSERVED TIME   RECORD YEAR NORMAL DEPARTURE LAST
                VALUE   (LST)  VALUE       VALUE  FROM      YEAR
                                                  NORMAL
..................................................................
TEMPERATURE (F)
 TODAY
  MAXIMUM         59    145 AM  91    1965  73    -14       69
  MINIMUM         54   1105 AM  34    1909  52      2       49
  AVERAGE         57                        62     -5       59

PRECIPITATION (IN)
  TODAY            0.33          2.95 2004   0.18   0.15     0.02
  MONTH TO DATE    4.88                      3.71   1.17     1.72
  SINCE MAR 1      8.75                      8.21   0.54     7.99
  SINCE JAN 1     25.40                     15.36  10.04    13.60

DEGREE DAYS
 HEATING
  TODAY            8                         4      4        6
  MONTH TO DATE  302                       172    130       84
  SINCE MAR 1    700                       636     64      448
  SINCE JUL 1   3483                      3592   -109     2581

 COOLING
  TODAY            0                         2     -2        0
  MONTH TO DATE    9                        27    -18       49
  SINCE MAR 1     11                        33    -22       55
  SINCE JAN 1     16                        33    -17       59
..................................................................


WIND (MPH)
  HIGHEST WIND SPEED    10   HIGHEST WIND DIRECTION    NW (320)
  HIGHEST GUST SPEED    21   HIGHEST GUST DIRECTION     N (360)
  AVERAGE WIND SPEED     5.5


SKY COVER
  POSSIBLE SUNSHINE  MM
  AVERAGE SKY COVER 0.8


WEATHER CONDITIONS
 THE FOLLOWING WEATHER WAS RECORDED TODAY.
  HEAVY RAIN
  RAIN
  LIGHT RAIN
  FOG


RELATIVE HUMIDITY (PERCENT)
 HIGHEST   100           300 AM
 LOWEST     93           200 PM
 AVERAGE    97

..........................................................


THE JONESBORO CLIMATE NORMALS FOR TOMORROW
                         NORMAL    RECORD    YEAR
 MAXIMUM TEMPERATURE (F)   73        90      1965
 MINIMUM TEMPERATURE (F)   52        30      1910


SUNRISE AND SUNSET
APRIL 23 2018.........SUNRISE   620 AM CDT   SUNSET   743 PM CDT
APRIL 24 2018.........SUNRISE   618 AM CDT   SUNSET   744 PM CDT


-  INDICATES NEGATIVE NUMBERS.
R  INDICATES RECORD WAS SET OR TIED.
MM INDICATES DATA IS MISSING.
T  INDICATES TRACE AMOUNT.




$$
