000
CDUS45 KBOI 220931
CLIJER


CLIMATE REPORT
NATIONAL WEATHER SERVICE BOISE ID
331 AM MDT SUN APR 22 2018


...................................

...THE JEROME ID CLIMATE SUMMARY FOR APRIL 21 2018...

CLIMATE NORMAL PERIOD 1981 TO 2010
CLIMATE RECORD PERIOD 1915 TO 2018


WEATHER ITEM   OBSERVED TIME   RECORD YEAR NORMAL DEPARTURE LAST
                VALUE   (LST)  VALUE       VALUE  FROM      YEAR
                                                  NORMAL
..................................................................
TEMPERATURE (F)
 YESTERDAY
  MAXIMUM         71    337 PM  89    1994  60     11       55
  MINIMUM         43    541 AM  18    2008  36      7       32
  AVERAGE         57                        48      9       44

PRECIPITATION (IN)
  YESTERDAY        0.00          1.63 1981   0.04  -0.04     0.00
  MONTH TO DATE    0.57                      0.92  -0.35     0.74
  SINCE OCT 1      5.83                      7.46  -1.63     9.28
  SINCE JAN 1      3.28                      3.94  -0.66     4.76

DEGREE DAYS
 HEATING
  YESTERDAY        8                        17     -9       21
  MONTH TO DATE  363                       403    -40      409
  SINCE MAR 1   1130                      1172    -42     1035
  SINCE JUL 1   5551                      6059   -508     5458

 COOLING
  YESTERDAY        0                         0      0        0
  MONTH TO DATE    0                         0      0        0
  SINCE MAR 1      0                         0      0        0
  SINCE JAN 1      0                         0      0        0
..................................................................


WIND (MPH)
  HIGHEST WIND SPEED    25   HIGHEST WIND DIRECTION    SW (240)
  HIGHEST GUST SPEED    32   HIGHEST GUST DIRECTION    SW (240)
  AVERAGE WIND SPEED    10.8


SKY COVER
  AVERAGE SKY COVER 0.0


WEATHER CONDITIONS
 THE FOLLOWING WEATHER WAS RECORDED YESTERDAY.
  NO SIGNIFICANT WEATHER WAS OBSERVED.


RELATIVE HUMIDITY (PERCENT)
 HIGHEST    45          1200 AM
 LOWEST     23           100 PM
 AVERAGE    34

..........................................................


THE JEROME ID CLIMATE NORMALS FOR TODAY
                         NORMAL    RECORD    YEAR
 MAXIMUM TEMPERATURE (F)   60        89      1934
 MINIMUM TEMPERATURE (F)   36        21      1951


SUNRISE AND SUNSET
APRIL 22 2018.........SUNRISE   645 AM MDT   SUNSET   828 PM MDT
APRIL 23 2018.........SUNRISE   644 AM MDT   SUNSET   829 PM MDT


-  INDICATES NEGATIVE NUMBERS.
R  INDICATES RECORD WAS SET OR TIED.
MM INDICATES DATA IS MISSING.
T  INDICATES TRACE AMOUNT.




$$
