000
CDAK47 PAJK 251135
CLIJNU
CLIMATE REPORT
NATIONAL WEATHER SERVICE JUNEAU, AK
330 AM AKDT WED APR 25 2018


...................................

...THE JUNEAU CLIMATE SUMMARY FOR APRIL 24 2018...

CLIMATE NORMAL PERIOD 1981 TO 2010
CLIMATE RECORD PERIOD 1936 TO 2018


WEATHER ITEM   OBSERVED RECORD YEAR NORMAL DEPARTURE LAST
                VALUE   VALUE       VALUE  FROM      YEAR
                                           NORMAL
...........................................................
TEMPERATURE (F)
 YESTERDAY
  MAXIMUM         44     70    2003  51     -7       56
  MINIMUM         40     23    1954  35      5       37
  AVERAGE         42                 43     -1       47

PRECIPITATION (IN)
  YESTERDAY        0.09   0.77 1985   0.10  -0.01     0.04
  MONTH TO DATE    2.55               2.36   0.19     0.69
  SINCE JAN 1     13.13              15.62  -2.49    15.71

SNOWFALL (IN)
  YESTERDAY        0.0    1.8  1948   0.0    0.0      0.0
  MONTH TO DATE    0.0                1.0   -1.0       T
  SINCE JUL 1     77.3               86.6   -9.3     65.2
  SNOW DEPTH       0

DEGREE DAYS
 HEATING
  YESTERDAY       23                 22      1       18
  MONTH TO DATE  612                600     12      533
...........................................................


WIND (MPH)
  HIGHEST WIND SPEED    15   HIGHEST WIND DIRECTION     E (110)
  HIGHEST GUST SPEED    19   HIGHEST GUST DIRECTION     E (110)
  AVERAGE WIND SPEED     7.6


SKY COVER
  AVERAGE SKY COVER 1.0


WEATHER CONDITIONS
 THE FOLLOWING WEATHER WAS RECORDED YESTERDAY.
  LIGHT RAIN
  FOG


..........................................................


THE JUNEAU CLIMATE NORMALS FOR TODAY
                         NORMAL    RECORD    YEAR
 MAXIMUM TEMPERATURE (F)   51        73      2003
 MINIMUM TEMPERATURE (F)   35        23      1948


SUNRISE AND SUNSET
APRIL 25 2018.........SUNRISE   519 AM AKDT  SUNSET   835 PM AKDT
APRIL 26 2018.........SUNRISE   517 AM AKDT  SUNSET   837 PM AKDT


-  INDICATES NEGATIVE NUMBERS.
R  INDICATES RECORD WAS SET OR TIED.
MM INDICATES DATA IS MISSING.
T  INDICATES TRACE AMOUNT.




$$
--------------------------------------------------------------

AMOUNT OF DAYLIGHT TODAY (HOUR:MIN)......... 15 HOURS 16 MINUTES
GAIN/LOSS SINCE YESTERDAY (HOUR:MIN:SEC).... +0:04:54

$$
