000
CDUS43 KGRR 261327
CLIJXN


CLIMATE REPORT
NATIONAL WEATHER SERVICE GRAND RAPIDS, MI
927 AM EDT SAT MAY 26 2018


...................................

...THE JACKSON MI CLIMATE SUMMARY FOR MAY 26 2018...
VALID AS OF 0900 AM LOCAL TIME.

CLIMATE NORMAL PERIOD 1981 TO 2010
CLIMATE RECORD PERIOD 1944 TO 9999


WEATHER ITEM   OBSERVED TIME   NORMAL DEPARTURE LAST
                VALUE   (LST)  VALUE  FROM      YEAR
                                      NORMAL
......................................................
TEMPERATURE (F)
 TODAY
  MAXIMUM         71    107 AM  72     -1       70
  MINIMUM         66    539 AM  49     17       54
  AVERAGE         69            61      8       62

PRECIPITATION (IN)
  TODAY            0.00          0.11  -0.11     0.05
  MONTH TO DATE    6.34          2.76   3.58     4.11
  SINCE MAR 1     11.29          7.27   4.02    12.93
  SINCE JAN 1     16.35         10.05   6.30    17.87

DEGREE DAYS
 HEATING
  TODAY            0             6     -6        3
  MONTH TO DATE   91           233   -142      241
  SINCE MAR 1   1786          1665    121     1511
  SINCE JUL 1   6490          6579    -89     5519

 COOLING
  TODAY            4             2      2        0
  MONTH TO DATE   32            22     10       25
  SINCE MAR 1     32            28      4       32
  SINCE JAN 1     32            28      4       32
......................................................


WIND (MPH)
  RESULTANT WIND SPEED   4   RESULTANT WIND DIRECTION  SW (210)
  HIGHEST WIND SPEED     9   HIGHEST WIND DIRECTION    SW (220)
  HIGHEST GUST SPEED    10   HIGHEST GUST DIRECTION    SW (220)
  AVERAGE WIND SPEED     3.7


SKY COVER
  AVERAGE SKY COVER 0.5


WEATHER CONDITIONS
 THE FOLLOWING WEATHER WAS RECORDED TODAY.
  NO SIGNIFICANT WEATHER WAS OBSERVED.


RELATIVE HUMIDITY (PERCENT)
 HIGHEST    78           800 AM
 LOWEST     57           200 AM
 AVERAGE    68

..........................................................


THE JACKSON MI CLIMATE NORMALS FOR TOMORROW
                         NORMAL
 MAXIMUM TEMPERATURE (F)   73
 MINIMUM TEMPERATURE (F)   50


SUNRISE AND SUNSET
MAY 26 2018...........SUNRISE   607 AM EDT   SUNSET   903 PM EDT
MAY 27 2018...........SUNRISE   607 AM EDT   SUNSET   904 PM EDT


-  INDICATES NEGATIVE NUMBERS.
R  INDICATES RECORD WAS SET OR TIED.
MM INDICATES DATA IS MISSING.
T  INDICATES TRACE AMOUNT.




$$
