000
CDUS43 KGRR 250518
CLIJXN


CLIMATE REPORT
NATIONAL WEATHER SERVICE GRAND RAPIDS, MI
118 AM EDT SUN AUG 25 2019


...................................

...THE JACKSON MI CLIMATE SUMMARY FOR AUGUST 24 2019...

CLIMATE NORMAL PERIOD 1981 TO 2010
CLIMATE RECORD PERIOD 1944 TO 9999


WEATHER ITEM   OBSERVED TIME   NORMAL DEPARTURE LAST
                VALUE   (LST)  VALUE  FROM      YEAR
                                      NORMAL
......................................................
TEMPERATURE (F)
 YESTERDAY
  MAXIMUM         75    314 PM  80     -5       77
  MINIMUM         47    324 AM  58    -11       53
  AVERAGE         61            69     -8       65

PRECIPITATION (IN)
  YESTERDAY        0.00          0.11  -0.11     0.01
  MONTH TO DATE    0.51          2.71  -2.20     1.94
  SINCE JUN 1      8.69          9.56  -0.87     5.94
  SINCE JAN 1     20.70         20.16   0.54    23.38

DEGREE DAYS
 HEATING
  YESTERDAY        4             1      3        0
  MONTH TO DATE    6            20    -14        0
  SINCE JUN 1     64            86    -22       14
  SINCE JUL 1      6            31    -25        0

 COOLING
  YESTERDAY        0             5     -5        0
  MONTH TO DATE  143           135      8      191
  SINCE JUN 1    538           463     75      595
  SINCE JAN 1    548           500     48      702
......................................................


WIND (MPH)
  RESULTANT WIND SPEED   4   RESULTANT WIND DIRECTION  NE (40)
  HIGHEST WIND SPEED    13   HIGHEST WIND DIRECTION    NE (40)
  HIGHEST GUST SPEED    23   HIGHEST GUST DIRECTION     E (80)
  AVERAGE WIND SPEED     4.7


SKY COVER
  AVERAGE SKY COVER 0.1


WEATHER CONDITIONS
 THE FOLLOWING WEATHER WAS RECORDED YESTERDAY.
  FOG


RELATIVE HUMIDITY (PERCENT)
 HIGHEST    93           300 AM
 LOWEST     44           100 PM
 AVERAGE    69

..........................................................


THE JACKSON MI CLIMATE NORMALS FOR TODAY
                         NORMAL
 MAXIMUM TEMPERATURE (F)   79
 MINIMUM TEMPERATURE (F)   58


SUNRISE AND SUNSET
AUGUST 25 2019........SUNRISE   656 AM EDT   SUNSET   824 PM EDT
AUGUST 26 2019........SUNRISE   657 AM EDT   SUNSET   822 PM EDT


-  INDICATES NEGATIVE NUMBERS.
R  INDICATES RECORD WAS SET OR TIED.
MM INDICATES DATA IS MISSING.
T  INDICATES TRACE AMOUNT.




$$
