000
CDUS44 KLUB 260628
CLILBB


CLIMATE REPORT
NATIONAL WEATHER SERVICE LUBBOCK, TX
126 AM CDT SAT MAY 26 2018


...................................

...THE LUBBOCK CLIMATE SUMMARY FOR MAY 25 2018...

CLIMATE NORMAL PERIOD 1981 TO 2010
CLIMATE RECORD PERIOD 1911 TO 2018


WEATHER ITEM   OBSERVED TIME   RECORD YEAR NORMAL DEPARTURE LAST
                VALUE   (LST)  VALUE       VALUE  FROM      YEAR
                                                  NORMAL
..................................................................
TEMPERATURE (F)
 YESTERDAY
  MAXIMUM         99    426 PM 102    2017  86     13      102
                                      2012
  MINIMUM         70    612 AM  44    1924  59     11       58
  AVERAGE         85                        72     13       80

PRECIPITATION (IN)
  YESTERDAY        0.00          1.22 2014   0.09  -0.09     0.00
  MONTH TO DATE    1.26                      1.74  -0.48     0.58
  SINCE MAR 1      2.16                      4.25  -2.09     2.57
  SINCE JAN 1      2.36                      5.65  -3.29     5.49

SNOWFALL (IN)
  YESTERDAY        0.0                       0.0    0.0      0.0
  MONTH TO DATE    0.0                       0.0    0.0      0.0
  SINCE MAR 1      0.0                       0.8   -0.8       T
  SINCE JUL 1      0.3                       8.2   -7.9      0.2
  SNOW DEPTH       0

DEGREE DAYS
 HEATING
  YESTERDAY        0                         1     -1        0
  MONTH TO DATE    0                        38    -38       23
  SINCE MAR 1    493                       636   -143      384
  SINCE JUL 1   3014                      3375   -361     2468

 COOLING
  YESTERDAY       20                         8     12       15
  MONTH TO DATE  292                       137    155      118
  SINCE MAR 1    372                       193    179      243
  SINCE JAN 1    375                       193    182      247
..................................................................


WIND (MPH)
  RESULTANT WIND SPEED  11   RESULTANT WIND DIRECTION   S (200)
  HIGHEST WIND SPEED    23   HIGHEST WIND DIRECTION    SE (140)
  HIGHEST GUST SPEED    27   HIGHEST GUST DIRECTION    SE (130)
  AVERAGE WIND SPEED    11.7


SKY COVER
  AVERAGE SKY COVER 0.1


WEATHER CONDITIONS
 THE FOLLOWING WEATHER WAS RECORDED YESTERDAY.
  NO SIGNIFICANT WEATHER WAS OBSERVED.


RELATIVE HUMIDITY (PERCENT)
 HIGHEST    68           500 AM
 LOWEST     13           300 PM
 AVERAGE    41

..........................................................


THE LUBBOCK CLIMATE NORMALS FOR TODAY
                         NORMAL    RECORD    YEAR
 MAXIMUM TEMPERATURE (F)   86       101      1945
 MINIMUM TEMPERATURE (F)   59        43      1950


SUNRISE AND SUNSET
MAY 26 2018...........SUNRISE   640 AM CDT   SUNSET   849 PM CDT
MAY 27 2018...........SUNRISE   640 AM CDT   SUNSET   849 PM CDT


-  INDICATES NEGATIVE NUMBERS.
R  INDICATES RECORD WAS SET OR TIED.
MM INDICATES DATA IS MISSING.
T  INDICATES TRACE AMOUNT.




$$
