000
CDUS44 KSHV 240750
CLILFK


CLIMATE REPORT
NATIONAL WEATHER SERVICE SHREVEPORT, LA
245 AM CDT TUE APR 24 2018


...................................

...THE LUFKIN CLIMATE SUMMARY FOR APRIL 23 2018...

CLIMATE NORMAL PERIOD 1981 TO 2010
CLIMATE RECORD PERIOD 1906 TO 2018


WEATHER ITEM   OBSERVED TIME   RECORD YEAR NORMAL DEPARTURE LAST
                VALUE   (LST)  VALUE       VALUE  FROM      YEAR
                                                  NORMAL
..................................................................
TEMPERATURE (F)
 YESTERDAY
  MAXIMUM         72    457 PM  91    2011  80     -8       71
                                      1999
  MINIMUM         46    532 AM  40    1907  57    -11       46
  AVERAGE         59                        68     -9       59

PRECIPITATION (IN)
  YESTERDAY        0.00          1.51 1948   0.11  -0.11     0.00
  MONTH TO DATE    2.83                      2.29   0.54     5.37
  SINCE DEC 1     23.29                     18.56   4.73    20.25
  SINCE JAN 1     19.68                     14.12   5.56    15.34

SNOWFALL (IN)
  YESTERDAY        0.0
  MONTH TO DATE    0.0
  SINCE MAR 1      0.0
  SINCE JUL 1      1.1
  SNOW DEPTH       0

DEGREE DAYS
 HEATING
  YESTERDAY        6                         1      5        6
  MONTH TO DATE  108                        63     45       29
  SINCE MAR 1    227                       273    -46      152
  SINCE JUL 1   1847                      1907    -60     1128

 COOLING
  YESTERDAY        0                         5     -5        0
  MONTH TO DATE   43                        80    -37       98
  SINCE MAR 1    132                       121     11      192
  SINCE JAN 1    175                       140     35      274
..................................................................


WIND (MPH)
  HIGHEST WIND SPEED    15   HIGHEST WIND DIRECTION    NW (320)
  HIGHEST GUST SPEED    20   HIGHEST GUST DIRECTION     N (340)
  AVERAGE WIND SPEED     4.7


SKY COVER
  POSSIBLE SUNSHINE  MM
  AVERAGE SKY COVER 0.2


WEATHER CONDITIONS
 THE FOLLOWING WEATHER WAS RECORDED YESTERDAY.
  NO SIGNIFICANT WEATHER WAS OBSERVED.


RELATIVE HUMIDITY (PERCENT)
 HIGHEST   100           100 AM
 LOWEST     53           300 PM
 AVERAGE    77

..........................................................


THE LUFKIN CLIMATE NORMALS FOR TODAY
                         NORMAL    RECORD    YEAR
 MAXIMUM TEMPERATURE (F)   80        90      2011
                                             1932
 MINIMUM TEMPERATURE (F)   57        41      2005


SUNRISE AND SUNSET
APRIL 24 2018.........SUNRISE   641 AM CDT   SUNSET   754 PM CDT
APRIL 25 2018.........SUNRISE   640 AM CDT   SUNSET   754 PM CDT


-  INDICATES NEGATIVE NUMBERS.
R  INDICATES RECORD WAS SET OR TIED.
MM INDICATES DATA IS MISSING.
T  INDICATES TRACE AMOUNT.




$$
