000
CDUS46 KLOX 250105
CLILGB


CLIMATE REPORT
NATIONAL WEATHER SERVICE LOS ANGELES/OXNARD CA
604 PM PDT TUE APR 24 2018


...................................

...THE LONG BEACH AIRPORT CA CLIMATE SUMMARY FOR APRIL 24 2018...
VALID TODAY AS OF 0500 PM LOCAL TIME.

CLIMATE NORMAL PERIOD 1981 TO 2010
CLIMATE RECORD PERIOD 1958 TO 2018


WEATHER ITEM   OBSERVED TIME   RECORD YEAR NORMAL DEPARTURE LAST
                VALUE   (LST)  VALUE       VALUE  FROM      YEAR
                                                  NORMAL
..................................................................
TEMPERATURE (F)
 TODAY
  MAXIMUM         69    200 PM  93    2001  73     -4       70
  MINIMUM         55    600 AM  43    1960  54      1       60
  AVERAGE         62                        64     -2       65

PRECIPITATION (IN)
  TODAY            0.00          0.11 2005   0.01  -0.01     0.00
  MONTH TO DATE    0.04                      0.52  -0.48     0.18
  SINCE OCT 1      3.52                     11.66  -8.14    19.58
  SINCE JAN 1      3.45                      8.08  -4.63    14.38

SNOWFALL (IN)
  TODAY            0.0
  MONTH TO DATE    0.0
  SINCE MAR 1      0.0
  SINCE JUL 1      0.0

DEGREE DAYS
 HEATING
  TODAY            3                         3      0        0
  MONTH TO DATE   29                        91    -62       29
  SINCE MAR 1    156                       270   -114       99
  SINCE JUL 1    580                      1161   -581      877

 COOLING
  TODAY            0                         1     -1        0
  MONTH TO DATE   44                        24     20       32
  SINCE MAR 1     45                        34     11       58
  SINCE JAN 1     85                        42     43       59
..................................................................


WIND (MPH)
  HIGHEST WIND SPEED    12   HIGHEST WIND DIRECTION     S (180)
  HIGHEST GUST SPEED    MM   HIGHEST GUST DIRECTION    MM
  AVERAGE WIND SPEED     4.1


SKY COVER
  POSSIBLE SUNSHINE  MM
  AVERAGE SKY COVER 0.6


WEATHER CONDITIONS
 THE FOLLOWING WEATHER WAS RECORDED TODAY.
  FOG


RELATIVE HUMIDITY (PERCENT)
 HIGHEST    93           200 AM
 LOWEST     53           200 PM
 AVERAGE    73

..........................................................


THE LONG BEACH AIRPORT CA CLIMATE NORMALS FOR TOMORROW
                         NORMAL    RECORD    YEAR
 MAXIMUM TEMPERATURE (F)   73        91      2004
 MINIMUM TEMPERATURE (F)   55        44      1974
                                             1960


SUNRISE AND SUNSET
APRIL 24 2018.........SUNRISE   611 AM PDT   SUNSET   731 PM PDT
APRIL 25 2018.........SUNRISE   610 AM PDT   SUNSET   732 PM PDT


-  INDICATES NEGATIVE NUMBERS.
R  INDICATES RECORD WAS SET OR TIED.
MM INDICATES DATA IS MISSING.
T  INDICATES TRACE AMOUNT.




$$
