000
CDUS43 KTOP 262206
CLILWC


CLIMATE REPORT
NATIONAL WEATHER SERVICE TOPEKA KS
505 PM CDT SAT MAY 26 2018


...................................

...THE LAWRENCE KS CLIMATE SUMMARY FOR MAY 26 2018...
VALID TODAY AS OF 500 PM LOCAL TIME.

CLIMATE NORMAL PERIOD 1981 TO 2010
CLIMATE RECORD PERIOD 9999 TO 9999


WEATHER ITEM   OBSERVED NORMAL DEPARTURE LAST
                VALUE   VALUE  FROM      YEAR
                               NORMAL
...............................................
TEMPERATURE (F)
 TODAY
  MAXIMUM         94     80     14       86
  MINIMUM         66     57      9       59
  AVERAGE         80     68     12       73

PRECIPITATION (IN)
  TODAY            0.00   0.19  -0.19     0.03
  MONTH TO DATE    2.71   4.31  -1.60     2.65
  SINCE MAR 1      5.28  10.70  -5.42    11.90
  SINCE JAN 1      7.14  13.01  -5.87    12.91

DEGREE DAYS
 HEATING
  TODAY            0      2     -2        0
  MONTH TO DATE    0    100   -100       91
  SINCE MAR 1   1149   1064     85      867
  SINCE JUL 1   5090   5079     11     4148

 COOLING
  TODAY           15      5     10        8
  MONTH TO DATE  210     69    141       65
  SINCE MAR 1    217     92    125       97
  SINCE JAN 1    217     92    125       97
...............................................


WIND (MPH)
  HIGHEST WIND SPEED    14   HIGHEST WIND DIRECTION    SW (240)
  HIGHEST GUST SPEED    21   HIGHEST GUST DIRECTION    SW (210)
  AVERAGE WIND SPEED     4.4



WEATHER CONDITIONS
 THE FOLLOWING WEATHER WAS RECORDED TODAY.
  NO SIGNIFICANT WEATHER WAS OBSERVED.


RELATIVE HUMIDITY (PERCENT)
 HIGHEST    97
 LOWEST     49
 AVERAGE    73

..........................................................


THE LAWRENCE KS CLIMATE NORMALS FOR TOMORROW
                         NORMAL
 MAXIMUM TEMPERATURE (F)   80
 MINIMUM TEMPERATURE (F)   57


SUNRISE AND SUNSET
MAY 26 2018...........SUNRISE   600 AM CDT   SUNSET   836 PM CDT
MAY 27 2018...........SUNRISE   559 AM CDT   SUNSET   837 PM CDT


-  INDICATES NEGATIVE NUMBERS.
R  INDICATES RECORD WAS SET OR TIED.
MM INDICATES DATA IS MISSING.
T  INDICATES TRACE AMOUNT.




$$
