000
CDUS45 KTFX 220845
CLILWT


CLIMATE REPORT
NATIONAL WEATHER SERVICE GREAT FALLS MT
244 AM MDT SUN APR 22 2018


...................................

...THE LEWISTOWN MT CLIMATE SUMMARY FOR APRIL 21 2018...

CLIMATE NORMAL PERIOD 1981 TO 2010
CLIMATE RECORD PERIOD 1896 TO 2018


WEATHER ITEM   OBSERVED TIME   RECORD YEAR NORMAL DEPARTURE LAST
                VALUE   (LST)  VALUE       VALUE  FROM      YEAR
                                                  NORMAL
..................................................................
TEMPERATURE (F)
 YESTERDAY
  MAXIMUM         71    317 PM  82    1906  55     16       47
  MINIMUM         33    441 AM   0    2008  30      3       36
  AVERAGE         52                        43      9       42

PRECIPITATION (IN)
  YESTERDAY        0.00          0.70 1904   0.05  -0.05     0.09
  MONTH TO DATE    1.31                      0.91   0.40     1.68
  SINCE OCT 1      6.03                      5.41   0.62     7.54
  SINCE JAN 1      4.03                      2.91   1.12     3.14

SNOWFALL (IN)
  YESTERDAY       MM
  SNOW DEPTH       0

DEGREE DAYS
 HEATING
  YESTERDAY       13                        22     -9       23
  MONTH TO DATE  652                       521    131      479
  SINCE MAR 1   1750                      1516    234     1361
  SINCE JUL 1   7876                      7320    556     7172

 COOLING
  YESTERDAY        0                         0      0        0
  MONTH TO DATE    0                         0      0        0
  SINCE MAR 1      0                         0      0        0
  SINCE JAN 1      0                         0      0        0
..................................................................


WIND (MPH)
  HIGHEST WIND SPEED    24   HIGHEST WIND DIRECTION    SW (210)
  HIGHEST GUST SPEED    31   HIGHEST GUST DIRECTION    SW (230)
  AVERAGE WIND SPEED     9.8


SKY COVER
  AVERAGE SKY COVER 0.0


WEATHER CONDITIONS
 THE FOLLOWING WEATHER WAS RECORDED YESTERDAY.
  NO SIGNIFICANT WEATHER WAS OBSERVED.


RELATIVE HUMIDITY (PERCENT)
 HIGHEST    82           400 AM
 LOWEST     20          1200 PM
 AVERAGE    51

..........................................................


THE LEWISTOWN MT CLIMATE NORMALS FOR TODAY
                         NORMAL    RECORD    YEAR
 MAXIMUM TEMPERATURE (F)   56        86      1906
 MINIMUM TEMPERATURE (F)   31         1      1967


SUNRISE AND SUNSET
APRIL 22 2018.........SUNRISE   617 AM MDT   SUNSET   816 PM MDT
APRIL 23 2018.........SUNRISE   615 AM MDT   SUNSET   818 PM MDT


-  INDICATES NEGATIVE NUMBERS.
R  INDICATES RECORD WAS SET OR TIED.
MM INDICATES DATA IS MISSING.
T  INDICATES TRACE AMOUNT.




$$
