000
CDUS43 KILX 220630
CLILWV


CLIMATE REPORT
NATIONAL WEATHER SERVICE LINCOLN IL
128 AM CDT TUE MAY 22 2018


...................................

...THE LAWRENCEVILLE IL AIRPORT CLIMATE SUMMARY FOR MAY 21 2018...

CLIMATE NORMAL PERIOD 1981 TO 2010
CLIMATE RECORD PERIOD 9999 TO 9999


WEATHER ITEM   OBSERVED TIME   RECORD YEAR NORMAL DEPARTURE LAST
                VALUE   (LST)  VALUE       VALUE  FROM      YEAR
                                                  NORMAL
..................................................................
TEMPERATURE (F)
 YESTERDAY
  MAXIMUM         83    246 PM  MM      MM  78      5       76
  MINIMUM         68    457 AM  MM      MM  57     11       55
  AVERAGE         76                        68      8       66

PRECIPITATION (IN)
  YESTERDAY        T            MM      MM   0.19  -0.19      T
  MONTH TO DATE    0.84                      4.20  -3.36     4.82
  SINCE MAR 1      8.64                     11.79  -3.15    12.58
  SINCE JAN 1     16.73                     16.18   0.55    16.73

DEGREE DAYS
 HEATING
  YESTERDAY        0                         2     -2        0
  MONTH TO DATE    0                        69    -69       87
  SINCE MAR 1   1139                       985    154      821
  SINCE JUL 1   4753                      4660     93     3876

 COOLING
  YESTERDAY       11                         4      7        1
  MONTH TO DATE  174                        58    116       83
  SINCE MAR 1    176                        84     92      130
  SINCE JAN 1    177                        84     93      130
..................................................................


WIND (MPH)
  HIGHEST WIND SPEED    14   HIGHEST WIND DIRECTION     S (190)
  HIGHEST GUST SPEED    17   HIGHEST GUST DIRECTION     S (180)
  AVERAGE WIND SPEED     5.9


SKY COVER
  POSSIBLE SUNSHINE  MM
  AVERAGE SKY COVER 0.2


WEATHER CONDITIONS
 THE FOLLOWING WEATHER WAS RECORDED YESTERDAY.
  THUNDERSTORM
  LIGHT RAIN
  FOG


RELATIVE HUMIDITY (PERCENT)
 HIGHEST   100          1100 PM
 LOWEST     55           100 PM
 AVERAGE    78

..........................................................


THE LAWRENCEVILLE IL AIRPORT CLIMATE NORMALS FOR TODAY
                         NORMAL    RECORD    YEAR
 MAXIMUM TEMPERATURE (F)   78        MM        MM
 MINIMUM TEMPERATURE (F)   57        MM        MM


SUNRISE AND SUNSET
MAY 22 2018...........SUNRISE   533 AM CDT   SUNSET   802 PM CDT
MAY 23 2018...........SUNRISE   532 AM CDT   SUNSET   803 PM CDT


-  INDICATES NEGATIVE NUMBERS.
R  INDICATES RECORD WAS SET OR TIED.
MM INDICATES DATA IS MISSING.
T  INDICATES TRACE AMOUNT.




$$
