000
CDUS42 KTAE 240634
CLIMAI


CLIMATE REPORT
NATIONAL WEATHER SERVICE TALLAHASSEE FL
233 AM EDT TUE APR 24 2018


...................................

...THE MARIANNA CLIMATE SUMMARY FOR APRIL 23 2018...

CLIMATE NORMAL PERIOD 1981 TO 2010
CLIMATE RECORD PERIOD 1950 TO 2018


WEATHER ITEM   OBSERVED NORMAL DEPARTURE LAST
                VALUE   VALUE  FROM      YEAR
                               NORMAL
...............................................
TEMPERATURE (F)
 YESTERDAY
  MAXIMUM         83     82      1       82
  MINIMUM         61     56      5       58
  AVERAGE         72     68      4       70

PRECIPITATION (IN)
  YESTERDAY        T      0.08  -0.08     0.09
  MONTH TO DATE    2.17   3.26  -1.09     2.03
  SINCE MAR 1      6.25   8.80  -2.55     4.11
  SINCE JAN 1     20.39  18.78   1.61    14.51

DEGREE DAYS
 HEATING
  YESTERDAY        0            -1
  MONTH TO DATE   42           -15
  SINCE MAR 1    226           -11
  SINCE JUL 1   1365          -277

 COOLING
  YESTERDAY        7             2
  MONTH TO DATE   58           -15
  SINCE MAR 1    104            -1
  SINCE JAN 1    212            92
...............................................


WIND (MPH)
  HIGHEST WIND SPEED    25   HIGHEST WIND DIRECTION     S (190)
  HIGHEST GUST SPEED    32   HIGHEST GUST DIRECTION     S (190)
  AVERAGE WIND SPEED     9.9




RELATIVE HUMIDITY (PERCENT)
 HIGHEST    97
 LOWEST     44
 AVERAGE    71

..........................................................




SUNRISE AND SUNSET
APRIL 24 2018.........SUNRISE   603 AM CDT   SUNSET   715 PM CDT
APRIL 25 2018.........SUNRISE   602 AM CDT   SUNSET   715 PM CDT


-  INDICATES NEGATIVE NUMBERS.
R  INDICATES RECORD WAS SET OR TIED.
MM INDICATES DATA IS MISSING.
T  INDICATES TRACE AMOUNT.




$$
