000
CDUS43 KABR 232232
CLIMBG


CLIMATE REPORT
NATIONAL WEATHER SERVICE ABERDEEN SD
531 PM CDT WED MAY 23 2018


...................................

...THE MOBRIDGE SD CLIMATE SUMMARY FOR MAY 23 2018...
VALID TODAY AS OF 0500 PM LOCAL TIME.

CLIMATE NORMAL PERIOD 1981 TO 2010
CLIMATE RECORD PERIOD 1911 TO 2018


WEATHER ITEM   OBSERVED TIME   RECORD YEAR NORMAL DEPARTURE LAST
                VALUE   (LST)  VALUE       VALUE  FROM      YEAR
                                                  NORMAL
..................................................................
TEMPERATURE (F)
 TODAY
  MAXIMUM         84    354 PM  95    1928  70     14       64
  MINIMUM         63    524 AM  28    2002  46     17       37
  AVERAGE         74                        58     16       51

PRECIPITATION (IN)
  TODAY            0.06          1.63 1971   0.09  -0.03     0.00
  MONTH TO DATE    3.30                      2.06   1.24     0.58
  SINCE MAR 1      6.26                      4.53   1.73     1.68
  SINCE JAN 1      7.27                      5.26   2.01     2.44

DEGREE DAYS
 HEATING
  TODAY            0                         7     -7       14
  MONTH TO DATE  136                       240   -104      177
  SINCE MAR 1   2053                      1860    193     1637
  SINCE JUL 1   7923                      7835     88     7074

 COOLING
  TODAY            9                         1      8        0
  MONTH TO DATE   36                         5     31       20
  SINCE MAR 1     37                         6     31       20
  SINCE JAN 1     37                         6     31       20
..................................................................


WIND (MPH)
  HIGHEST WIND SPEED    28   HIGHEST WIND DIRECTION    SE (130)
  HIGHEST GUST SPEED    35   HIGHEST GUST DIRECTION    SE (130)
  AVERAGE WIND SPEED    12.7


SKY COVER
  POSSIBLE SUNSHINE  MM
  AVERAGE SKY COVER 0.2


WEATHER CONDITIONS
 THE FOLLOWING WEATHER WAS RECORDED TODAY.
  LIGHT RAIN


RELATIVE HUMIDITY (PERCENT)
 HIGHEST    87           300 AM
 LOWEST     62           200 PM
 AVERAGE    75

..........................................................


THE MOBRIDGE SD CLIMATE NORMALS FOR TOMORROW
                         NORMAL    RECORD    YEAR
 MAXIMUM TEMPERATURE (F)   71        90      1928
 MINIMUM TEMPERATURE (F)   47        24      2002


SUNRISE AND SUNSET
MAY 23 2018...........SUNRISE   603 AM CDT   SUNSET   915 PM CDT
MAY 24 2018...........SUNRISE   602 AM CDT   SUNSET   916 PM CDT


-  INDICATES NEGATIVE NUMBERS.
R  INDICATES RECORD WAS SET OR TIED.
MM INDICATES DATA IS MISSING.
T  INDICATES TRACE AMOUNT.




$$
