000
CDUS43 KDTX 200536
CLIMBS


CLIMATE REPORT
NATIONAL WEATHER SERVICE DETROIT/PONTIAC MI
135 AM EDT TUE AUG 20 2019


...................................

...THE TRI CITIES MI CLIMATE SUMMARY FOR AUGUST 19 2019...

CLIMATE NORMAL PERIOD 1981 TO 2010
CLIMATE RECORD PERIOD 1898 TO 2019


WEATHER ITEM   OBSERVED TIME   NORMAL DEPARTURE LAST
                VALUE   (LST)  VALUE  FROM      YEAR
                                      NORMAL
......................................................
TEMPERATURE (F)
 YESTERDAY
  MAXIMUM         84    324 PM  79      5       83
  MINIMUM         63    546 AM  58      5       63
  AVERAGE         74            69      5

PRECIPITATION (IN)
  YESTERDAY        0.00          0.10  -0.10
  MONTH TO DATE    1.21          1.97  -0.76
  SINCE JUN 1      7.26          7.53  -0.27
  SINCE JAN 1     16.95         19.18  -2.23

SNOWFALL (IN)
  YESTERDAY        0.0           0.0    0.0      0.0
  MONTH TO DATE    0.0           0.0    0.0      0.0
  SINCE JUN 1      0.0           0.0    0.0      0.0
  SINCE JUL 1      0.0           0.0    0.0      0.0
  SNOW DEPTH       0

DEGREE DAYS
 HEATING
  YESTERDAY        0                   -1
  MONTH TO DATE    1                  -16
  SINCE JUN 1     57                  -32
  SINCE JUL 1      1                  -29

 COOLING
  YESTERDAY        9                    4
  MONTH TO DATE  117                   15
  SINCE JUN 1    499                   75
  SINCE JAN 1    503                   43
......................................................


WIND (MPH)
  HIGHEST WIND SPEED    14   HIGHEST WIND DIRECTION    SW (220)
  HIGHEST GUST SPEED    17   HIGHEST GUST DIRECTION    SW (210)
  AVERAGE WIND SPEED     4.8



WEATHER CONDITIONS
 THE FOLLOWING WEATHER WAS RECORDED YESTERDAY.
  NO SIGNIFICANT WEATHER WAS OBSERVED.


RELATIVE HUMIDITY (PERCENT)
 HIGHEST    93
 LOWEST     40
 AVERAGE    67

..........................................................


THE TRI CITIES MI CLIMATE NORMALS FOR TODAY
                         NORMAL
 MAXIMUM TEMPERATURE (F)   79
 MINIMUM TEMPERATURE (F)   58


SUNRISE AND SUNSET
AUGUST 20 2019........SUNRISE   646 AM EDT   SUNSET   832 PM EDT
AUGUST 21 2019........SUNRISE   648 AM EDT   SUNSET   831 PM EDT


-  INDICATES NEGATIVE NUMBERS.
R  INDICATES RECORD WAS SET OR TIED.
MM INDICATES DATA IS MISSING.
T  INDICATES TRACE AMOUNT.




$$
