367
CDUS42 KMLB 220015
CLIMCO


CLIMATE REPORT
NATIONAL WEATHER SERVICE MELBOURNE FL
815 PM EDT SAT APR 21 2018


...................................

...THE ORLANDO  CLIMATE SUMMARY FOR APRIL 21 2018...
VALID TODAY AS OF 0500 PM LOCAL TIME.

CLIMATE NORMAL PERIOD 1981 TO 2010
CLIMATE RECORD PERIOD 1892 TO 2018


WEATHER ITEM   OBSERVED TIME   RECORD YEAR NORMAL DEPARTURE LAST
                VALUE   (LST)  VALUE       VALUE  FROM      YEAR
                                                  NORMAL
..................................................................
TEMPERATURE (F)
 TODAY
  MAXIMUM         83    117 PM  96    1935  83      0       89
                                      1908
  MINIMUM         66   1242 AM  44    1953  61      5       58
  AVERAGE         75                        72      3       74

PRECIPITATION (IN)
  TODAY            T             2.30 1994   0.08  -0.08     0.00
  MONTH TO DATE    2.06                      1.99   0.07      T
  SINCE MAR 1      2.89                      5.76  -2.87     0.10
  SINCE JAN 1      5.35                     10.49  -5.14     3.03

SNOWFALL (IN)
  TODAY            0.0
  MONTH TO DATE    0.0
  SINCE MAR 1      0.0
  SINCE JUL 1      0.0

DEGREE DAYS
 HEATING
  TODAY            0                         0      0        0
  MONTH TO DATE    0                        11    -11        3
  SINCE MAR 1     83                        70     13       40
  SINCE JUL 1    467                       569   -102      209

 COOLING
  TODAY           10                         7      3        9
  MONTH TO DATE  165                       125     40      184
  SINCE MAR 1    258                       243     15      347
  SINCE JAN 1    505                       347    158      548
..................................................................


WIND (MPH)
  HIGHEST WIND SPEED    24   HIGHEST WIND DIRECTION     E (100)
  HIGHEST GUST SPEED    29   HIGHEST GUST DIRECTION     E (90)
  AVERAGE WIND SPEED    11.3


SKY COVER
  AVERAGE SKY COVER 0.8


WEATHER CONDITIONS
 THE FOLLOWING WEATHER WAS RECORDED TODAY.
  LIGHT RAIN


RELATIVE HUMIDITY (PERCENT)
 HIGHEST   100           400 AM
 LOWEST     62          1100 AM
 AVERAGE    81

..........................................................


THE ORLANDO  CLIMATE NORMALS FOR TOMORROW
                         NORMAL    RECORD    YEAR
 MAXIMUM TEMPERATURE (F)   84        94      1970
 MINIMUM TEMPERATURE (F)   61        44      1910


SUNRISE AND SUNSET
APRIL 21 2018.........SUNRISE   654 AM EDT   SUNSET   754 PM EDT
APRIL 22 2018.........SUNRISE   653 AM EDT   SUNSET   755 PM EDT


-  INDICATES NEGATIVE NUMBERS.
R  INDICATES RECORD WAS SET OR TIED.
MM INDICATES DATA IS MISSING.
T  INDICATES TRACE AMOUNT.




$$
