000
CDUS44 KMEG 200641
CLIMEG


CLIMATE REPORT
NATIONAL WEATHER SERVICE MEMPHIS TN
139 AM CDT FRI APR 20 2018


...................................

...THE MEMPHIS/GERMANTOWN WFO CLIMATE SUMMARY FOR APRIL 19 2018...

CLIMATE NORMAL PERIOD 1981 TO 2010
CLIMATE RECORD PERIOD 1988 TO 2018


WEATHER ITEM   OBSERVED TIME   RECORD YEAR NORMAL DEPARTURE LAST
                VALUE   (LST)  VALUE       VALUE  FROM      YEAR
                                                  NORMAL
..................................................................
TEMPERATURE (F)
 YESTERDAY
  MAXIMUM         56   1200 AM  91    2006  73    -17       86
  MINIMUM         40    535 AM  36    1997  50    -10       64
  AVERAGE         48                        62    -14       75

PRECIPITATION (IN)
  YESTERDAY        0.00          1.91 1991   0.19  -0.19     0.00
  MONTH TO DATE    3.67                      3.26   0.41     1.23
  SINCE MAR 1      9.05                      8.21   0.84     5.96
  SINCE JAN 1     27.87                     16.84  11.03    11.17

SNOWFALL (IN)
  YESTERDAY        0.0          MM      MM                   0.0
  MONTH TO DATE    0.0                                       0.0
  SINCE MAR 1      0.0                                       0.4
  SINCE JUL 1      3.8                                       1.4
  SNOW DEPTH       0

DEGREE DAYS
 HEATING
  YESTERDAY       17                         5     12        0
  MONTH TO DATE  230                       146     84       34
  SINCE MAR 1    592                       582     10      341
  SINCE JUL 1   3146                      3328   -182     2182

 COOLING
  YESTERDAY        0                         2     -2       10
  MONTH TO DATE   14                        28    -14       69
  SINCE MAR 1     16                        39    -23      102
  SINCE JAN 1     29                        40    -11      116
..................................................................







THE MEMPHIS/GERMANTOWN WFO CLIMATE NORMALS FOR TODAY
                         NORMAL    RECORD    YEAR
 MAXIMUM TEMPERATURE (F)   73        87      2002
 MINIMUM TEMPERATURE (F)   50        37      2013


SUNRISE AND SUNSET
APRIL 20 2018.........SUNRISE   621 AM CDT   SUNSET   736 PM CDT
APRIL 21 2018.........SUNRISE   620 AM CDT   SUNSET   737 PM CDT


-  INDICATES NEGATIVE NUMBERS.
R  INDICATES RECORD WAS SET OR TIED.
MM INDICATES DATA IS MISSING.
T  INDICATES TRACE AMOUNT.




$$
