000
CDUS44 KBRO 220629
CLIMFE


CLIMATE REPORT
NATIONAL WEATHER SERVICE BROWNSVILLE TX
129 AM CDT TUE MAY 22 2018


...................................

...THE MCALLEN CLIMATE SUMMARY FOR MAY 21 2018...

CLIMATE NORMAL PERIOD 1981 TO 2010
CLIMATE RECORD PERIOD 1961 TO 2018


WEATHER ITEM   OBSERVED TIME   RECORD YEAR NORMAL DEPARTURE LAST
                VALUE   (LST)  VALUE       VALUE  FROM      YEAR
                                                  NORMAL
..................................................................
TEMPERATURE (F)
 YESTERDAY
  MAXIMUM         93    407 PM  99    2001  93      0       98
  MINIMUM         73    539 AM  63    1986  73      0       79
  AVERAGE         83                        83      0

PRECIPITATION (IN)
  YESTERDAY        0.54          0.64 1964   0.07   0.47     0.06
  MONTH TO DATE    0.73                      1.51  -0.78     0.06
  SINCE MAR 1      2.62                      3.88  -1.26     3.31
  SINCE JAN 1      3.82                      6.04  -2.22     4.94

SNOWFALL (IN)
  YESTERDAY        0.0
  MONTH TO DATE    0.0
  SINCE MAR 1      0.0
  SINCE JUL 1      0.3
  SNOW DEPTH       0

DEGREE DAYS
 HEATING
  YESTERDAY        0                         0      0        0
  MONTH TO DATE    0                         0      0        0
  SINCE MAR 1      0                        46    -46        1
  SINCE JUL 1    550                       579    -29      189

 COOLING
  YESTERDAY       18                        18      0       24
  MONTH TO DATE  410                       336     74      401
  SINCE MAR 1   1147                       908    239     1249
  SINCE JAN 1   1413                      1067    346     1730
..................................................................


WIND (MPH)
  HIGHEST WIND SPEED    30   HIGHEST WIND DIRECTION    SE (120)
  HIGHEST GUST SPEED    36   HIGHEST GUST DIRECTION     E (110)
  AVERAGE WIND SPEED     8.8



WEATHER CONDITIONS
 THE FOLLOWING WEATHER WAS RECORDED YESTERDAY.
  THUNDERSTORM
  HEAVY RAIN
  RAIN
  LIGHT RAIN
  FOG


RELATIVE HUMIDITY (PERCENT)
 HIGHEST    87
 LOWEST     44
 AVERAGE    66

..........................................................


THE MCALLEN CLIMATE NORMALS FOR TODAY
                         NORMAL    RECORD    YEAR
 MAXIMUM TEMPERATURE (F)   93       101      2008
                                             1944
 MINIMUM TEMPERATURE (F)   73        61      1967


SUNRISE AND SUNSET
MAY 22 2018...........SUNRISE   643 AM CDT   SUNSET   816 PM CDT
MAY 23 2018...........SUNRISE   643 AM CDT   SUNSET   817 PM CDT


-  INDICATES NEGATIVE NUMBERS.
R  INDICATES RECORD WAS SET OR TIED.
MM INDICATES DATA IS MISSING.
T  INDICATES TRACE AMOUNT.




$$
