000
CDUS44 KBMX 262133
CLIMGM


CLIMATE REPORT
NATIONAL WEATHER SERVICE BIRMINGHAM, AL
432 PM CDT SAT MAY 26 2018


...................................

...THE MONTGOMERY CLIMATE SUMMARY FOR MAY 26 2018...
VALID TODAY AS OF 0400 PM LOCAL TIME.

CLIMATE NORMAL PERIOD 1981 TO 2010
CLIMATE RECORD PERIOD 1872 TO 2018


WEATHER ITEM   OBSERVED TIME   RECORD YEAR NORMAL DEPARTURE LAST
                VALUE   (LST)  VALUE       VALUE  FROM      YEAR
                                                  NORMAL
..................................................................
TEMPERATURE (F)
 TODAY
  MAXIMUM         88    139 PM  97    1916  86      2       88
  MINIMUM         67    318 AM  43    1979  64      3       57
  AVERAGE         78                        75      3       73

PRECIPITATION (IN)
  TODAY            0.00          2.02 2011   0.11  -0.11     0.00
  MONTH TO DATE    1.79                      2.99  -1.20    12.28
  SINCE MAR 1      8.93                     12.96  -4.03    18.76
  SINCE JAN 1     17.92                     22.89  -4.97    33.46

DEGREE DAYS
 COOLING
  TODAY           13                        10      3        8
  MONTH TO DATE  287                       183    104      202
  SINCE MAR 1    352                       278     74      471
  SINCE JAN 1    417                       284    133      517
..................................................................


WIND (MPH)
  HIGHEST WIND SPEED    13   HIGHEST WIND DIRECTION     E (110)
  HIGHEST GUST SPEED    14   HIGHEST GUST DIRECTION     E (110)
  AVERAGE WIND SPEED     3.6


SKY COVER
  AVERAGE SKY COVER 0.3


WEATHER CONDITIONS
 THE FOLLOWING WEATHER WAS RECORDED TODAY.
  FOG


RELATIVE HUMIDITY (PERCENT)
 HIGHEST   100           100 AM
 LOWEST     53           200 PM
 AVERAGE    77

..........................................................


THE MONTGOMERY CLIMATE NORMALS FOR TOMORROW
                         NORMAL    RECORD    YEAR
 MAXIMUM TEMPERATURE (F)   87        99      1916
 MINIMUM TEMPERATURE (F)   64        44      1961


SUNRISE AND SUNSET
MAY 26 2018...........SUNRISE   542 AM CDT   SUNSET   744 PM CDT
MAY 27 2018...........SUNRISE   541 AM CDT   SUNSET   745 PM CDT


-  INDICATES NEGATIVE NUMBERS.
R  INDICATES RECORD WAS SET OR TIED.
MM INDICATES DATA IS MISSING.
T  INDICATES TRACE AMOUNT.




$$
