000
CDUS41 KPBZ 231241
CLIMGW


CLIMATE REPORT
NATIONAL WEATHER SERVICE PITTSBURGH PA
841 AM EDT MON APR 23 2018


...................................

...THE MORGANTOWN WV CLIMATE SUMMARY FOR APRIL 23 2018...
VALID AS OF 0800 AM LOCAL TIME.

CLIMATE NORMAL PERIOD 1981 TO 2010
CLIMATE RECORD PERIOD 1872 TO 2018


WEATHER ITEM   OBSERVED TIME   RECORD YEAR NORMAL DEPARTURE LAST
                VALUE   (LST)  VALUE       VALUE  FROM      YEAR
                                                  NORMAL
..................................................................
TEMPERATURE (F)
 TODAY
  MAXIMUM         56   1251 AM  89    1960
                                      1878
  MINIMUM         51    536 AM  23    1936  44      7       40

PRECIPITATION (IN)
  TODAY            0.00          1.35 1973   0.12  -0.12     0.00
  MONTH TO DATE    5.04                      2.69   2.35     4.50
  SINCE JUN 1     43.59                     36.39   7.20    46.09
  SINCE JAN 1     17.26                     11.75   5.51    16.68

DEGREE DAYS
 HEATING
  TODAY           11

 COOLING
  TODAY            0
..................................................................





WEATHER CONDITIONS
 THE FOLLOWING WEATHER WAS RECORDED TODAY.
  NO SIGNIFICANT WEATHER WAS OBSERVED.


RELATIVE HUMIDITY (PERCENT)
 HIGHEST    63           500 AM

..........................................................


THE MORGANTOWN WV CLIMATE NORMALS FOR TOMORROW
                         NORMAL    RECORD    YEAR
 MAXIMUM TEMPERATURE (F)   67        91      1925
 MINIMUM TEMPERATURE (F)   44        26      1930


SUNRISE AND SUNSET
APRIL 23 2018.........SUNRISE   631 AM EDT   SUNSET   806 PM EDT
APRIL 24 2018.........SUNRISE   629 AM EDT   SUNSET   807 PM EDT


-  INDICATES NEGATIVE NUMBERS.
R  INDICATES RECORD WAS SET OR TIED.
MM INDICATES DATA IS MISSING.
T  INDICATES TRACE AMOUNT.




$$
