000
CDUS43 KGRR 252124
CLIMKG


CLIMATE REPORT
NATIONAL WEATHER SERVICE GRAND RAPIDS, MI
524 PM EDT WED APR 25 2018


...................................

...THE MUSKEGON MI CLIMATE SUMMARY FOR APRIL 25 2018...
VALID TODAY AS OF 0500 PM LOCAL TIME.

CLIMATE NORMAL PERIOD 1981 TO 2010
CLIMATE RECORD PERIOD 1896 TO 2018


WEATHER ITEM   OBSERVED TIME   RECORD YEAR NORMAL DEPARTURE LAST
                VALUE   (LST)  VALUE       VALUE  FROM      YEAR
                                                  NORMAL
..................................................................
TEMPERATURE (F)
 TODAY
  MAXIMUM         56   1125 AM  83    1942  60     -4       76
  MINIMUM         43    617 AM  24    1967  41      2       50
  AVERAGE         50                        50      0       63

PRECIPITATION (IN)
  TODAY            0.00          1.08 1957   0.09  -0.09     0.00
  MONTH TO DATE    3.11                      2.41   0.70     2.96
  SINCE MAR 1      4.41                      4.66  -0.25     5.57
  SINCE JAN 1     11.35                      8.52   2.83    11.27

SNOWFALL (IN)
  TODAY            0.0           1.0  1912   0.0    0.0      0.0
  MONTH TO DATE    7.5                       2.3    5.2      0.0
  SINCE MAR 1     13.6                      11.3    2.3      4.5
  SINCE JUL 1    105.3                      93.7   11.6     49.0
  SNOW DEPTH       0

DEGREE DAYS
 HEATING
  TODAY           15                        15      0        2
  MONTH TO DATE  693                       486    207      359
  SINCE MAR 1   1645                      1416    229     1263
  SINCE JUL 1   6162                      6148     14     5128

 COOLING
  TODAY            0                         0      0        0
  MONTH TO DATE    0                         0      0        0
  SINCE MAR 1      0                         0      0        0
  SINCE JAN 1      0                         0      0        0
..................................................................


WIND (MPH)
  RESULTANT WIND SPEED  11   RESULTANT WIND DIRECTION   N (340)
  HIGHEST WIND SPEED    21   HIGHEST WIND DIRECTION     N (350)
  HIGHEST GUST SPEED    26   HIGHEST GUST DIRECTION     N (350)
  AVERAGE WIND SPEED    13.5


SKY COVER
  AVERAGE SKY COVER 0.4


WEATHER CONDITIONS
 THE FOLLOWING WEATHER WAS RECORDED TODAY.
  NO SIGNIFICANT WEATHER WAS OBSERVED.


RELATIVE HUMIDITY (PERCENT)
 HIGHEST    77          1200 AM
 LOWEST     38          1000 AM
 AVERAGE    58

..........................................................


THE MUSKEGON MI CLIMATE NORMALS FOR TOMORROW
                         NORMAL    RECORD    YEAR
 MAXIMUM TEMPERATURE (F)   60        84      1986
 MINIMUM TEMPERATURE (F)   41        22      1932


SUNRISE AND SUNSET
APRIL 25 2018.........SUNRISE   647 AM EDT   SUNSET   839 PM EDT
APRIL 26 2018.........SUNRISE   646 AM EDT   SUNSET   841 PM EDT


-  INDICATES NEGATIVE NUMBERS.
R  INDICATES RECORD WAS SET OR TIED.
MM INDICATES DATA IS MISSING.
T  INDICATES TRACE AMOUNT.




$$
