000
CDUS44 KMEG 260644
CLIMKL


CLIMATE REPORT
NATIONAL WEATHER SERVICE MEMPHIS TN
143 AM CDT THU APR 26 2018


...................................

...THE JACKSON CLIMATE SUMMARY FOR APRIL 25 2018...

CLIMATE NORMAL PERIOD 1981 TO 2010
CLIMATE RECORD PERIOD 1948 TO 2018


WEATHER ITEM   OBSERVED TIME   RECORD YEAR NORMAL DEPARTURE LAST
                VALUE   (LST)  VALUE       VALUE  FROM      YEAR
                                                  NORMAL
..................................................................
TEMPERATURE (F)
 YESTERDAY
  MAXIMUM         74   1214 PM  87    2009  75     -1       80
                                      1986
                                      1954
  MINIMUM         47    544 AM  32    2013  51     -4       49
  AVERAGE         61                        63     -2       65

PRECIPITATION (IN)
  YESTERDAY        0.27          1.61 1970   0.17   0.10     0.00
  MONTH TO DATE    6.10                      4.01   2.09     4.57
  SINCE MAR 1     10.56                      8.76   1.80    12.24
  SINCE JAN 1     29.27                     17.00  12.27    17.07

DEGREE DAYS
 HEATING
  YESTERDAY        4                         4      0        0
  MONTH TO DATE  282                       179    103       73
  SINCE MAR 1    717                       623     94      432
  SINCE JUL 1   3460                      3507    -47     2472

 COOLING
  YESTERDAY        0                         2     -2        0
  MONTH TO DATE   14                        36    -22       62
  SINCE MAR 1     15                        46    -31       75
  SINCE JAN 1     33                        47    -14       77
..................................................................


WIND (MPH)
  HIGHEST WIND SPEED    15   HIGHEST WIND DIRECTION     W (250)
  HIGHEST GUST SPEED    22   HIGHEST GUST DIRECTION    NW (320)
  AVERAGE WIND SPEED     3.6


SKY COVER
  POSSIBLE SUNSHINE  MM
  AVERAGE SKY COVER 0.4


WEATHER CONDITIONS
 THE FOLLOWING WEATHER WAS RECORDED YESTERDAY.
  LIGHT RAIN
  FOG
  FOG W/VISIBILITY <= 1/4 MILE


RELATIVE HUMIDITY (PERCENT)
 HIGHEST   100           100 AM
 LOWEST     44           100 PM
 AVERAGE    72

..........................................................


THE JACKSON CLIMATE NORMALS FOR TODAY
                         NORMAL    RECORD    YEAR
 MAXIMUM TEMPERATURE (F)   75        90      1989
 MINIMUM TEMPERATURE (F)   51        38      1983
                                             1972


SUNRISE AND SUNSET
APRIL 26 2018.........SUNRISE   609 AM CDT   SUNSET   738 PM CDT
APRIL 27 2018.........SUNRISE   608 AM CDT   SUNSET   739 PM CDT


-  INDICATES NEGATIVE NUMBERS.
R  INDICATES RECORD WAS SET OR TIED.
MM INDICATES DATA IS MISSING.
T  INDICATES TRACE AMOUNT.




$$
