000
CDUS43 KDVN 212129
CLIMLI


CLIMATE REPORT
NATIONAL WEATHER SERVICE QUAD CITIES IA IL
429 PM CDT SAT APR 21 2018


...................................

...THE MOLINE IL CLIMATE SUMMARY FOR APRIL 21 2018...
VALID TODAY AS OF 0400 PM LOCAL TIME.

CLIMATE NORMAL PERIOD 1981 TO 2010
CLIMATE RECORD PERIOD 1872 TO 2018


WEATHER ITEM   OBSERVED TIME   RECORD YEAR NORMAL DEPARTURE LAST
                VALUE   (LST)  VALUE       VALUE  FROM      YEAR
                                                  NORMAL
..................................................................
TEMPERATURE (F)
 TODAY
  MAXIMUM         62    200 PM  87    1985  65     -3       58
                                      1946
  MINIMUM         42    541 AM  27    1953  43     -1       43
                                      1904
  AVERAGE         52                        54     -2       51

PRECIPITATION (IN)
  TODAY            0.00          4.26 1973   0.12  -0.12     0.00
  MONTH TO DATE    0.95                      2.43  -1.48     3.20
  SINCE MAR 1      4.23                      5.29  -1.06     6.69
  SINCE JAN 1      8.06                      8.38  -0.32     9.10

SNOWFALL (IN)
  TODAY            0.0          MM      MM   0.0    0.0      0.0
  MONTH TO DATE    3.2                       0.9    2.3      0.0
  SINCE MAR 1     13.6                       4.9    8.7      5.9
  SINCE JUL 1     41.7                      31.6   10.1     22.4
  SNOW DEPTH       0

DEGREE DAYS
 HEATING
  TODAY           13                        12      1       14
  MONTH TO DATE  564                       328    236      200
  SINCE MAR 1   1411                      1132    279      946
  SINCE JUL 1   6038                      5930    108     4749

 COOLING
  TODAY            0                         1     -1        0
  MONTH TO DATE    0                         5     -5       14
  SINCE MAR 1      0                         6     -6       14
  SINCE JAN 1      0                         6     -6       14
..................................................................


WIND (MPH)
  HIGHEST WIND SPEED    22   HIGHEST WIND DIRECTION     E (70)
  HIGHEST GUST SPEED    26   HIGHEST GUST DIRECTION     E (90)
  AVERAGE WIND SPEED     9.0


SKY COVER
  POSSIBLE SUNSHINE  MM
  AVERAGE SKY COVER 0.0


WEATHER CONDITIONS
 THE FOLLOWING WEATHER WAS RECORDED TODAY.
  NO SIGNIFICANT WEATHER WAS OBSERVED.


RELATIVE HUMIDITY (PERCENT)
 HIGHEST    70          1200 AM
 LOWEST     25           200 PM
 AVERAGE    48

..........................................................


THE MOLINE IL CLIMATE NORMALS FOR TOMORROW
                         NORMAL    RECORD    YEAR
 MAXIMUM TEMPERATURE (F)   65        92      1980
 MINIMUM TEMPERATURE (F)   43        28      1986
                                             1959


SUNRISE AND SUNSET
APRIL 21 2018.........SUNRISE   613 AM CDT   SUNSET   749 PM CDT
APRIL 22 2018.........SUNRISE   612 AM CDT   SUNSET   750 PM CDT


-  INDICATES NEGATIVE NUMBERS.
R  INDICATES RECORD WAS SET OR TIED.
MM INDICATES DATA IS MISSING.
T  INDICATES TRACE AMOUNT.




$$
