226
CDUS45 KBYZ 250721
CLIMLS


CLIMATE REPORT
NATIONAL WEATHER SERVICE BILLINGS MT
121 AM MDT WED APR 25 2018


...................................

...THE MILES CITY MT CLIMATE SUMMARY FOR APRIL 24 2018...

CLIMATE NORMAL PERIOD 1981 TO 2010
CLIMATE RECORD PERIOD 1937 TO 2018


WEATHER ITEM   OBSERVED TIME   RECORD YEAR NORMAL DEPARTURE LAST
                VALUE   (LST)  VALUE       VALUE  FROM      YEAR
                                                  NORMAL
..................................................................
TEMPERATURE (F)
 YESTERDAY
  MAXIMUM         56    350 PM  90    2012  62     -6       55
  MINIMUM         33    546 AM  24    1958  36     -3       37
  AVERAGE         45                        49     -4       46

PRECIPITATION (IN)
  YESTERDAY        0.00          2.91 2016   0.05  -0.05     0.01
  MONTH TO DATE    2.44                      1.01   1.43     0.95
  SINCE OCT 1      5.04                      3.76   1.28     3.07
  SINCE JAN 1      3.85                      2.16   1.69     1.98

DEGREE DAYS
 HEATING
  YESTERDAY       20                        16      4       19
  MONTH TO DATE  653                       480    173      370
  SINCE MAR 1   1839                      1421    418     1172
  SINCE JUL 1   8105                      7155    950     6724

 COOLING
  YESTERDAY        0                         0      0        0
  MONTH TO DATE    0                         0      0        0
  SINCE MAR 1      0                         0      0        0
  SINCE JAN 1      0                         0      0        0
..................................................................


WIND (MPH)
  HIGHEST WIND SPEED    15   HIGHEST WIND DIRECTION     W (260)
  HIGHEST GUST SPEED    19   HIGHEST GUST DIRECTION     W (250)
  AVERAGE WIND SPEED     8.1


SKY COVER
  POSSIBLE SUNSHINE  MM
  AVERAGE SKY COVER 0.1


WEATHER CONDITIONS
 THE FOLLOWING WEATHER WAS RECORDED YESTERDAY.
  NO SIGNIFICANT WEATHER WAS OBSERVED.


RELATIVE HUMIDITY (PERCENT)
 HIGHEST   100          1200 AM
 LOWEST     35           500 PM
 AVERAGE    68

..........................................................


THE MILES CITY MT CLIMATE NORMALS FOR TODAY
                         NORMAL    RECORD    YEAR
 MAXIMUM TEMPERATURE (F)   62        89      1974
 MINIMUM TEMPERATURE (F)   36        21      2002


SUNRISE AND SUNSET
APRIL 25 2018.........SUNRISE   559 AM MDT   SUNSET   805 PM MDT
APRIL 26 2018.........SUNRISE   557 AM MDT   SUNSET   806 PM MDT


-  INDICATES NEGATIVE NUMBERS.
R  INDICATES RECORD WAS SET OR TIED.
MM INDICATES DATA IS MISSING.
T  INDICATES TRACE AMOUNT.




$$
