000
CDUS46 KPQR 240221
CLIMMV


CLIMATE REPORT
NATIONAL WEATHER SERVICE PORTLAND OREGON
721 PM PDT WED MAY 23 2018


...................................

...THE MCMINNVILLE OR CLIMATE SUMMARY FOR MAY 23 2018...
VALID TODAY AS OF 0700 PM LOCAL TIME.

CLIMATE NORMAL PERIOD 1981 TO 2010
CLIMATE RECORD PERIOD 1894 TO 2018


WEATHER ITEM   OBSERVED TIME   RECORD YEAR NORMAL DEPARTURE LAST
                VALUE   (LST)  VALUE       VALUE  FROM      YEAR
                                                  NORMAL
..................................................................
TEMPERATURE (F)
 TODAY
  MAXIMUM         76    244 PM  91    1938  69      7       84
  MINIMUM         52    530 AM  31    1955  44      8       50
  AVERAGE         64                        57      7       67

PRECIPITATION (IN)
  TODAY            0.00                      0.08  -0.08     0.00
  MONTH TO DATE    0.20                      1.66  -1.46     1.94
  SINCE OCT 1     31.74                     35.17  -3.43    52.45
  SINCE JAN 1     16.20                     19.14  -2.94    28.64

DEGREE DAYS
 HEATING
  TODAY            1                                         0
  MONTH TO DATE  139                                       194
  SINCE MAR 1   1187                                      1181
  SINCE JUL 1   4144                                      4477

 COOLING
  TODAY            0                                         2
  MONTH TO DATE    2                                        20
  SINCE MAR 1      2                                        20
  SINCE JAN 1      2                                        20
..................................................................


WIND (MPH)
  HIGHEST WIND SPEED    20   HIGHEST WIND DIRECTION    SW (230)
  HIGHEST GUST SPEED    26   HIGHEST GUST DIRECTION    SW (240)
  AVERAGE WIND SPEED     6.8


SKY COVER
  POSSIBLE SUNSHINE  MM
  AVERAGE SKY COVER 0.1


WEATHER CONDITIONS
 THE FOLLOWING WEATHER WAS RECORDED TODAY.
  NO SIGNIFICANT WEATHER WAS OBSERVED.


RELATIVE HUMIDITY (PERCENT)
 HIGHEST   100           400 AM
 LOWEST     57           100 PM
 AVERAGE    79

..........................................................


THE MCMINNVILLE OR CLIMATE NORMALS FOR TOMORROW
                         NORMAL    RECORD    YEAR
 MAXIMUM TEMPERATURE (F)   69        92      1992
 MINIMUM TEMPERATURE (F)   45        31      1955


SUNRISE AND SUNSET
MAY 23 2018...........SUNRISE   435 AM PST   SUNSET   744 PM PST
MAY 24 2018...........SUNRISE   434 AM PST   SUNSET   745 PM PST


-  INDICATES NEGATIVE NUMBERS.
R  INDICATES RECORD WAS SET OR TIED.
MM INDICATES DATA IS MISSING.
T  INDICATES TRACE AMOUNT.




$$
