000
CDUS44 KMOB 260649
CLIMOB


CLIMATE REPORT
NATIONAL WEATHER SERVICE MOBILE AL
126 AM CDT SAT MAY 26 2018


...................................

...THE MOBILE CLIMATE SUMMARY FOR MAY 25 2018...

CLIMATE NORMAL PERIOD 1981 TO 2010
CLIMATE RECORD PERIOD 1842 TO 2018


WEATHER ITEM   OBSERVED TIME   RECORD YEAR NORMAL DEPARTURE LAST
                VALUE   (LST)  VALUE       VALUE  FROM      YEAR
                                                  NORMAL
..................................................................
TEMPERATURE (F)
 YESTERDAY
  MAXIMUM         85    956 AM  97    1962  86     -1       81
  MINIMUM         69    502 AM  53    1979  66      3       54
  AVERAGE         77                        76      1       68

PRECIPITATION (IN)
  YESTERDAY        0.71          3.38 1909   0.17   0.54     0.00
  MONTH TO DATE    3.72                      4.09  -0.37    10.29
  SINCE MAR 1     10.50                     15.02  -4.52    19.19
  SINCE JAN 1     20.08                     25.79  -5.71    31.40

DEGREE DAYS
 COOLING
  YESTERDAY       12                        11      1        3
  MONTH TO DATE  298                       214     84      188
  SINCE MAR 1    412                       357     55      448
  SINCE JAN 1    519                       373    146      523
..................................................................


WIND (MPH)
  HIGHEST WIND SPEED    16   HIGHEST WIND DIRECTION     N (360)
  HIGHEST GUST SPEED    20   HIGHEST GUST DIRECTION    NE (60)
  AVERAGE WIND SPEED     2.8


SKY COVER
  POSSIBLE SUNSHINE  MM
  AVERAGE SKY COVER 0.6


WEATHER CONDITIONS
 THE FOLLOWING WEATHER WAS RECORDED YESTERDAY.
  THUNDERSTORM
  HEAVY RAIN
  RAIN
  LIGHT RAIN
  FOG


RELATIVE HUMIDITY (PERCENT)
 HIGHEST   100           900 PM
 LOWEST     65          1000 AM
 AVERAGE    83

..........................................................


THE MOBILE CLIMATE NORMALS FOR TODAY
                         NORMAL    RECORD    YEAR
 MAXIMUM TEMPERATURE (F)   87        96      1962
                                             1953
                                             1878
 MINIMUM TEMPERATURE (F)   66        48      1979


SUNRISE AND SUNSET
MAY 26 2018...........SUNRISE   553 AM CDT   SUNSET   748 PM CDT
MAY 27 2018...........SUNRISE   552 AM CDT   SUNSET   748 PM CDT


-  INDICATES NEGATIVE NUMBERS.
R  INDICATES RECORD WAS SET OR TIED.
MM INDICATES DATA IS MISSING.
T  INDICATES TRACE AMOUNT.




$$
