000
CDUS43 KBIS 210746
CLIMOT


CLIMATE REPORT
NATIONAL WEATHER SERVICE BISMARCK ND
245 AM CDT MON MAY 21 2018


...................................

...THE MINOT ND CLIMATE SUMMARY FOR MAY 20 2018...

CLIMATE NORMAL PERIOD 1981 TO 2010
CLIMATE RECORD PERIOD 1897 TO 2018


WEATHER ITEM   OBSERVED TIME   RECORD YEAR NORMAL DEPARTURE LAST
                VALUE   (LST)  VALUE       VALUE  FROM      YEAR
                                                  NORMAL
..................................................................
TEMPERATURE (F)
 YESTERDAY
  MAXIMUM         76    500 PM  92    1964  68      8       66
  MINIMUM         42    515 AM  22    1907  44     -2       38
  AVERAGE         59                        56      3       52

PRECIPITATION (IN)
  YESTERDAY        0.00          1.49 1994   0.09  -0.09     0.00
  MONTH TO DATE    0.29                      1.49  -1.20     0.52
  SINCE MAR 1      0.94                      3.47  -2.53     1.12
  SINCE JAN 1      1.05                      4.38  -3.33     1.26

DEGREE DAYS
 COOLING
  YESTERDAY        0                         0      0        0
  MONTH TO DATE   10                         0     10        3
  SINCE MAR 1     11                         1     10        3
  SINCE JAN 1     11                         1     10        3
..................................................................


WIND (MPH)
  HIGHEST WIND SPEED    18   HIGHEST WIND DIRECTION     S (160)
  HIGHEST GUST SPEED    25   HIGHEST GUST DIRECTION    SE (150)
  AVERAGE WIND SPEED     9.8


SKY COVER
  POSSIBLE SUNSHINE  MM
  AVERAGE SKY COVER 0.0


WEATHER CONDITIONS
 THE FOLLOWING WEATHER WAS RECORDED YESTERDAY.
  NO SIGNIFICANT WEATHER WAS OBSERVED.


RELATIVE HUMIDITY (PERCENT)
 HIGHEST    62           600 AM
 LOWEST     17           200 PM
 AVERAGE    40

..........................................................


THE MINOT ND CLIMATE NORMALS FOR TODAY
                         NORMAL    RECORD    YEAR
 MAXIMUM TEMPERATURE (F)   68        96      1980
 MINIMUM TEMPERATURE (F)   45        26      1963


SUNRISE AND SUNSET
MAY 21 2018...........SUNRISE   558 AM CDT   SUNSET   926 PM CDT
MAY 22 2018...........SUNRISE   557 AM CDT   SUNSET   927 PM CDT


-  INDICATES NEGATIVE NUMBERS.
R  INDICATES RECORD WAS SET OR TIED.
MM INDICATES DATA IS MISSING.
T  INDICATES TRACE AMOUNT.




$$
