109
CDUS41 KPHI 200554
CLIMPO


CLIMATE REPORT
NATIONAL WEATHER SERVICE MOUNT HOLLY NJ
154 AM EDT FRI APR 20 2018


...................................

...THE MOUNT POCONO PA CLIMATE SUMMARY FOR APRIL 19 2018...

CLIMATE NORMAL PERIOD 1981 TO 2010
CLIMATE RECORD PERIOD 1901 TO 2018


WEATHER ITEM   OBSERVED TIME   RECORD YEAR NORMAL DEPARTURE LAST
                VALUE   (LST)  VALUE       VALUE  FROM      YEAR
                                                  NORMAL
..................................................................
TEMPERATURE (F)
 YESTERDAY
  MAXIMUM         37    119 AM  86    1976  57    -20       50
  MINIMUM         28   1159 PM  18    1905  37     -9       37
  AVERAGE         33                        47    -14       44

PRECIPITATION (IN)
  YESTERDAY        0.12          1.09 2013   0.11   0.01      T
  MONTH TO DATE    3.00                      2.79   0.21     2.80
  SINCE MAR 1      5.47                      6.62  -1.15     6.59
  SINCE JAN 1     15.10                     11.88   3.22    11.55

DEGREE DAYS
 HEATING
  YESTERDAY       32                        18     14       21
  MONTH TO DATE  541                       416    125      314
  SINCE MAR 1   1656                      1391    265     1414
  SINCE JUL 1   6617                      6514    103     6017

 COOLING
  YESTERDAY        0                         0      0        0
  MONTH TO DATE    0                         0      0        3
  SINCE MAR 1      0                         0      0        3
  SINCE JAN 1      0                         0      0        3
..................................................................


WIND (MPH)
  HIGHEST WIND SPEED    26   HIGHEST WIND DIRECTION    NW (300)
  HIGHEST GUST SPEED    35   HIGHEST GUST DIRECTION    NW (300)
  AVERAGE WIND SPEED    12.9


SKY COVER
  POSSIBLE SUNSHINE  MM
  AVERAGE SKY COVER 1.0


WEATHER CONDITIONS
 THE FOLLOWING WEATHER WAS RECORDED YESTERDAY.
  LIGHT RAIN
  LIGHT SNOW
  FOG


RELATIVE HUMIDITY (PERCENT)
 HIGHEST   100           500 AM
 LOWEST     70          1200 AM
 AVERAGE    85

..........................................................


THE MOUNT POCONO PA CLIMATE NORMALS FOR TODAY
                         NORMAL    RECORD    YEAR
 MAXIMUM TEMPERATURE (F)   57        85      1941
 MINIMUM TEMPERATURE (F)   37        17      1904


SUNRISE AND SUNSET
APRIL 20 2018.........SUNRISE   615 AM EDT   SUNSET   747 PM EDT
APRIL 21 2018.........SUNRISE   613 AM EDT   SUNSET   748 PM EDT


-  INDICATES NEGATIVE NUMBERS.
R  INDICATES RECORD WAS SET OR TIED.
MM INDICATES DATA IS MISSING.
T  INDICATES TRACE AMOUNT.




$$
