000
CDUS41 KBTV 220550
CLIMPV


CLIMATE REPORT
NATIONAL WEATHER SERVICE BURLINGTON VT
149 AM EDT SUN APR 22 2018


...................................

...THE MONTPELIER VT CLIMATE SUMMARY FOR APRIL 21 2018...

CLIMATE NORMAL PERIOD 1981 TO 2010
CLIMATE RECORD PERIOD 1948 TO 2018


WEATHER ITEM   OBSERVED TIME   RECORD YEAR NORMAL DEPARTURE LAST
                VALUE   (LST)  VALUE       VALUE  FROM      YEAR
                                                  NORMAL
..................................................................
TEMPERATURE (F)
 YESTERDAY
  MAXIMUM         49    420 PM  81    1987  56     -7       46
  MINIMUM         29   1156 PM  19    1981  34     -5       39
  AVERAGE         39                        45     -6       43

PRECIPITATION (IN)
  YESTERDAY        0.00          0.65        0.09  -0.09     0.43
  MONTH TO DATE    3.05                      1.83   1.22     2.89
  SINCE MAR 1      5.54                      4.22   1.32     5.49
  SINCE JAN 1      9.82                      8.71   1.11     9.41

DEGREE DAYS
 HEATING
  YESTERDAY       26                        20      6       22
  MONTH TO DATE  685                       515    170      425
  SINCE MAR 1   1830                      1632    198     1706
  SINCE JUL 1   7485                      7540    -55     6927

 COOLING
  YESTERDAY        0                         0      0        0
  MONTH TO DATE    0                         0      0        1
  SINCE MAR 1      0                         0      0        1
  SINCE JAN 1      0                         0      0        1
..................................................................


WIND (MPH)
  HIGHEST WIND SPEED    21   HIGHEST WIND DIRECTION    NW (310)
  HIGHEST GUST SPEED    32   HIGHEST GUST DIRECTION     W (290)
  AVERAGE WIND SPEED     9.1


SKY COVER
  AVERAGE SKY COVER 0.2


WEATHER CONDITIONS
 THE FOLLOWING WEATHER WAS RECORDED YESTERDAY.
  NO SIGNIFICANT WEATHER WAS OBSERVED.


RELATIVE HUMIDITY (PERCENT)
 HIGHEST    75          1200 AM
 LOWEST     31           200 PM
 AVERAGE    53

..........................................................


THE MONTPELIER VT CLIMATE NORMALS FOR TODAY
                         NORMAL    RECORD    YEAR
 MAXIMUM TEMPERATURE (F)   57        83      1954
 MINIMUM TEMPERATURE (F)   34        20      1981


SUNRISE AND SUNSET
APRIL 22 2018.........SUNRISE   555 AM EDT   SUNSET   743 PM EDT
APRIL 23 2018.........SUNRISE   554 AM EDT   SUNSET   744 PM EDT


-  INDICATES NEGATIVE NUMBERS.
R  INDICATES RECORD WAS SET OR TIED.
MM INDICATES DATA IS MISSING.
T  INDICATES TRACE AMOUNT.




$$
