362
CDUS41 KLWX 200526
CLIMRB


CLIMATE REPORT
NATIONAL WEATHER SERVICE BALTIMORE MD/WASHINGTON DC
125 AM EDT FRI APR 20 2018


...................................

...THE MARTINSBURG WV CLIMATE SUMMARY FOR APRIL 19 2018...

CLIMATE NORMAL PERIOD 1981 TO 2010
CLIMATE RECORD PERIOD 1926 TO 2018


WEATHER ITEM   OBSERVED TIME   NORMAL DEPARTURE LAST
                VALUE   (LST)  VALUE  FROM      YEAR
                                      NORMAL
......................................................
TEMPERATURE (F)
 YESTERDAY
  MAXIMUM         55    830 AM  65    -10       64
  MINIMUM         40   1159 PM  42     -2       50
  AVERAGE         48            54     -6       57

PRECIPITATION (IN)
  YESTERDAY        0.01          0.10  -0.09      T
  MONTH TO DATE    2.84          2.09   0.75     1.29
  SINCE MAR 1      4.53          5.61  -1.08     4.07
  SINCE JAN 1     10.72         10.39   0.33     8.45

DEGREE DAYS
 HEATING
  YESTERDAY       17            12      5        8
  MONTH TO DATE  330           275     55      155
  SINCE MAR 1   1154           989    165      837
  SINCE JUL 1   4719          4945   -226     3915

 COOLING
  YESTERDAY        0             0      0        0
  MONTH TO DATE   16             0     16       17
  SINCE MAR 1     16             1     15       20
  SINCE JAN 1     21             1     20       20
......................................................


WIND (MPH)
  HIGHEST WIND SPEED    29   HIGHEST WIND DIRECTION     W (290)
  HIGHEST GUST SPEED    38   HIGHEST GUST DIRECTION    NW (310)
  AVERAGE WIND SPEED    13.5


SKY COVER
  POSSIBLE SUNSHINE  MM
  AVERAGE SKY COVER 0.8


WEATHER CONDITIONS
 THE FOLLOWING WEATHER WAS RECORDED YESTERDAY.
  LIGHT RAIN
  FOG


RELATIVE HUMIDITY (PERCENT)
 HIGHEST    93           600 AM
 LOWEST     45           200 PM
 AVERAGE    69

..........................................................


THE MARTINSBURG WV CLIMATE NORMALS FOR TODAY
                         NORMAL
 MAXIMUM TEMPERATURE (F)   66
 MINIMUM TEMPERATURE (F)   42


SUNRISE AND SUNSET
APRIL 20 2018.........SUNRISE   628 AM EDT   SUNSET   755 PM EDT
APRIL 21 2018.........SUNRISE   626 AM EDT   SUNSET   756 PM EDT


-  INDICATES NEGATIVE NUMBERS.
R  INDICATES RECORD WAS SET OR TIED.
MM INDICATES DATA IS MISSING.
T  INDICATES TRACE AMOUNT.




$$
